{"id":1376,"date":"2017-11-18T12:06:00","date_gmt":"2017-11-18T15:06:00","guid":{"rendered":"http:\/\/nyemba.unilab.edu.br\/?page_id=1376"},"modified":"2018-04-27T15:22:40","modified_gmt":"2018-04-27T18:22:40","slug":"teses-dissertacoes-monografias","status":"publish","type":"page","link":"https:\/\/nyemba.unilab.edu.br\/index.php\/bibliografia-nyemba-indicacoes-de-textos-e-audiovisuais\/teses-dissertacoes-monografias\/","title":{"rendered":"TESES\/ DISSERTA\u00c7\u00d5ES\/ MONOGRAFIAS"},"content":{"rendered":"<h3 style=\"text-align: right;\"><span style=\"color: #800000;\"><strong>TESES<\/strong><\/span><\/h3>\n<hr \/>\n<p>&nbsp;<\/p>\n<p><a href=\"https:\/\/nyemba.unilab.edu.br\/wp-content\/uploads\/2017\/04\/buti.pdf\" target=\"_blank\" rel=\"noopener\">BUTI, Rafael Palermo. A antropologia em contextos da pol\u00edtica e a\u00e7\u00e3o quilombola no Brasil Meridional: dois casos para estudo. orientadora, Miriam Furtado Hartung \u2013 Florian\u00f3polis, SC, 2015. 338 p.<\/a><\/p>\n<p><a href=\"https:\/\/bibliotecadigital.fgv.br\/dspace\/bitstream\/handle\/10438\/11294\/Tese%20definitiva%20Maria%20Cl%C3%A1udia%20Cardoso%20biblioteca.pdf\" target=\"_blank\" rel=\"noopener\">FEREIRA, Maria Claudia Cardoso. A forma\u00e7\u00e3o para as rela\u00e7\u00f5es etnicorraciais e a profissionaliza\u00e7\u00e3o em hist\u00f3ria: saberes e pr\u00e1ticas docentes no contexto da educa\u00e7\u00e3o a dist\u00e2ncia. &#8211; 2013. 288 f.<\/a><\/p>\n<p><a href=\"https:\/\/drive.google.com\/file\/d\/0B8ny_UZCtJZGNVphR3BxdXhKSlU\/view\">PACHECO, Ana Cl\u00e1udia Lemos.\u00a0\u201cBranca para casar, mulata para f&#8230; e negra para trabalhar\u201d; escolhas afetivas e significados de solid\u00e3o entre mulheres negras em Salvador, Bahia. \/ &#8211; Campinas, SP : [s. n.], 2008.<\/a><\/p>\n<p><a href=\"http:\/\/www.repositorio.unb.br\/bitstream\/10482\/1132\/1\/Tese_2007_%20AndersonRibeiroOliva.pdf\" target=\"_blank\" rel=\"noopener\">PANTOJA, Selma Alves; OLIVA, Anderson Ribeiro. Li\u00e7\u00f5es sobre a \u00c1frica: Di\u00e1logos entre as representa\u00e7\u00f5es dos africanos no imagin\u00e1rio Ocidental e o ensino da Hist\u00f3ria da \u00c1frica no Mundo Atl\u00e2ntico. (1990-2005) &#8211; Bras\u00edlia: Universidade de Bras\u00edlia, 2007. 404p.\u00a0<\/a><\/p>\n<p><a href=\"https:\/\/repositorio.ufba.br\/ri\/bitstream\/ri\/23894\/1\/Tese%20Marlon%20versao%20Nicolau-LN%20%28REESCRITA%20CORRE%C3%87%C3%83O%29.pdf\" target=\"_blank\" rel=\"noopener\">PASSOS, Marlon Marcos Vieira Passos.\u00a0IY\u00c1 Zulmira de Zumb\u00e1: uma trajet\u00f3ria entre na\u00e7\u00f5es de candombl\u00e9. &#8211; Salvador. 2016.<\/a><\/p>\n<p><a href=\"https:\/\/nyemba.unilab.edu.br\/wp-content\/uploads\/2017\/04\/Petroni_MarianaC.A._D.pdf\" target=\"_blank\" rel=\"noopener\">PETRONI, Mariana C. A. \u00cdndios em movimento,: a trajet\u00f3ria pol\u00edtica de \u00c0lvaro Tukano. &#8211; Campinas, SP: [s\/n], 2015<\/a><\/p>\n<p><a href=\"https:\/\/repositorio.ufsc.br\/bitstream\/handle\/123456789\/128822\/331961.pdf?sequence=1\" target=\"_blank\" rel=\"noopener\">SANTOS, Tatiana Nascimento.\u00a0Letramento e tradu\u00e7\u00e3o no espelho de Oxum: teoria l\u00e9sbica negra em auto\/re\/conhecimentos. Florian\u00f3polis, 2014.<\/a><\/p>\n<p><a href=\"https:\/\/repositorio.ufba.br\/ri\/bitstream\/ri\/23561\/3\/Reduzido_PASSOU-%20AGORA%20%C3%89%20LUTA%21%20Um%20estudo%20sobre%20a%C3%A7%C3%B5es%20afirmativas%20e%20a%20presen%C3%A7a%20de%20jovens%20estudante.pdf\" target=\"_blank\" rel=\"noopener\">SOUZA, Ana Cl\u00e1udia Gomes de.\u201cPASSOU? AGORA \u00c9 LUTA!\u201d Um estudo sobre a\u00e7\u00f5es afirmativas e a presen\u00e7a de jovens estudantes ind\u00edgenas na Universidade Federal da Bahia.Salvador, 2016.<\/a><\/p>\n<p><a href=\"https:\/\/nyemba.unilab.edu.br\/wp-content\/uploads\/2017\/04\/Souza_CristianeSantos_D.pdf\" target=\"_blank\" rel=\"noopener\">SOUZA, Cristiane Santos. Trajet\u00f3rias de migrantes e seus descendentes: transforma\u00e7\u00f5es urbanas, mem\u00f3ria e inser\u00e7\u00e3o na metr\u00f3pole baiana. &#8211; Campinas, SP: [s\/n], 2013<\/a><\/p>\n<p><a href=\"https:\/\/drive.google.com\/file\/d\/0B8ny_UZCtJZGRmFWbjh2LW1YOGs\/view\" target=\"_blank\" rel=\"noopener\">VASCONCELOS, Vania Maria Ferreira. No colo das iab\u00e1s: ra\u00e7a e g\u00eanero em escritoras afro-brasileiras contempor\u00e2neas. Brasilia. &#8211; 2014. 228p.<\/a><\/p>\n<p>&nbsp;<\/p>\n<p>&nbsp;<\/p>\n<hr \/>\n<h3 style=\"text-align: right;\"><span style=\"color: #800000;\"><strong>DISSERTA\u00c7\u00d5ES<\/strong><\/span><\/h3>\n<hr \/>\n<p>&nbsp;<\/p>\n<p><a href=\"https:\/\/estudogeral.sib.uc.pt\/bitstream\/10316\/14605\/1\/Tese%20de%20Mestrado%20em%20Sociologia%20-%20Bruno%20Amaral%20Andrade.pdf\" target=\"_blank\" rel=\"noopener\">AMARAL. Bruno Andrade.\u00a0O Jogo da Capoeira Angola na Roda da Cultura Brasileira. Coimbra, 2010<\/a>.<\/p>\n<p><a href=\"https:\/\/repositorio.ufba.br\/ri\/bitstream\/ri\/24082\/1\/dissertacao_CSCosta.pdf\" target=\"_blank\" rel=\"noopener\">COSTA, Cristiane Sobrinho.\u00a0Pescadores do Rio Vermelho: ritos, tradi\u00e7\u00f5es e ancestralidade da pesca artesanal. Salvador. 2011<\/a><\/p>\n<p><a href=\"http:\/\/www.repositorio.unb.br\/bitstream\/10482\/5117\/1\/2006_AnaLuizaPinheiroFlauzina.pdf\" target=\"_blank\" rel=\"noopener\">FLAUZINA, Ana Luiza Pinheiro. Corpo negro ca\u00eddo no ch\u00e3o: O sistema penal e o projeto genocida do estado brasileiro. Bras\u00edlia, 2006.<\/a><\/p>\n<p><a href=\"https:\/\/repositorio.ufba.br\/ri\/bitstream\/ri\/8669\/1\/dissertacao_artemisa_monteiro.pdf\" target=\"_blank\" rel=\"noopener\">MONTEIRO,\u00a0Artemisa Odila Cande.O PROCESSO DE CONSTRU\u00c7\u00c3O DA IDENTIDADE NEGRA EM TERESINA: O CASO DO GRUPO AFRO-CULTURAL COISA DE N\u00caGO. Salvador, 2008.<\/a><\/p>\n<p><a href=\"https:\/\/nyemba.unilab.edu.br\/wp-content\/uploads\/2017\/04\/Claudilene-arquivo926_1.pdf\" target=\"_blank\" rel=\"noopener\">SILVA, Claudilene Maria. Professoras negras construindo identidades e pr\u00e1ticas de enfrentamento do racismo no espa\u00e7o escolar: O Autor: 2009<\/a><\/p>\n<p><a href=\"https:\/\/nyemba.unilab.edu.br\/wp-content\/uploads\/2017\/04\/ismael-tcham.pdf\" target=\"_blank\" rel=\"noopener\">TCHAM, Ismael. A \u00c1frica fora de casa: sociabilidade, transito e conex\u00f5es entre os estudantes africanos no Brasil. &#8211; Recife: O autor, 2012.<\/a><\/p>\n<p>&nbsp;<\/p>\n<hr \/>\n<h3 style=\"text-align: right;\"><span style=\"color: #800000;\"><strong>MONOGRAFIAS<\/strong><\/span><\/h3>\n<hr \/>\n<p>&nbsp;<\/p>\n","protected":false},"excerpt":{"rendered":"<p>TESES &nbsp; BUTI, Rafael Palermo. A antropologia em contextos da pol\u00edtica e a\u00e7\u00e3o quilombola no Brasil Meridional: dois casos para estudo. orientadora, Miriam Furtado Hartung \u2013 Florian\u00f3polis, SC, 2015. 338 p. FEREIRA, Maria Claudia Cardoso. A forma\u00e7\u00e3o para as rela\u00e7\u00f5es etnicorraciais e a profissionaliza\u00e7\u00e3o em hist\u00f3ria: saberes e pr\u00e1ticas docentes no contexto da educa\u00e7\u00e3o a [&hellip;]<\/p>\n","protected":false},"author":2,"featured_media":0,"parent":554,"menu_order":0,"comment_status":"closed","ping_status":"closed","template":"","meta":{"footnotes":""},"class_list":["post-1376","page","type-page","status-publish","hentry"],"_links":{"self":[{"href":"https:\/\/nyemba.unilab.edu.br\/index.php\/wp-json\/wp\/v2\/pages\/1376","targetHints":{"allow":["GET"]}}],"collection":[{"href":"https:\/\/nyemba.unilab.edu.br\/index.php\/wp-json\/wp\/v2\/pages"}],"about":[{"href":"https:\/\/nyemba.unilab.edu.br\/index.php\/wp-json\/wp\/v2\/types\/page"}],"author":[{"embeddable":true,"href":"https:\/\/nyemba.unilab.edu.br\/index.php\/wp-json\/wp\/v2\/users\/2"}],"replies":[{"embeddable":true,"href":"https:\/\/nyemba.unilab.edu.br\/index.php\/wp-json\/wp\/v2\/comments?post=1376"}],"version-history":[{"count":14,"href":"https:\/\/nyemba.unilab.edu.br\/index.php\/wp-json\/wp\/v2\/pages\/1376\/revisions"}],"predecessor-version":[{"id":2130,"href":"https:\/\/nyemba.unilab.edu.br\/index.php\/wp-json\/wp\/v2\/pages\/1376\/revisions\/2130"}],"up":[{"embeddable":true,"href":"https:\/\/nyemba.unilab.edu.br\/index.php\/wp-json\/wp\/v2\/pages\/554"}],"wp:attachment":[{"href":"https:\/\/nyemba.unilab.edu.br\/index.php\/wp-json\/wp\/v2\/media?parent=1376"}],"curies":[{"name":"wp","href":"https:\/\/api.w.org\/{rel}","templated":true}]}}

TESES/ DISSERTAÇÕES/ MONOGRAFIAS

<h3 style="text-align: right;"><span style="color: #800000;"><strong>TESES</strong></span></h3>
<hr />
<p>&nbsp;</p>
<p><a href="https://nyemba.unilab.edu.br/wp-content/uploads/2017/04/buti.pdf" target="_blank" rel="noopener">BUTI, Rafael Palermo. A antropologia em contextos da política e ação quilombola no Brasil Meridional: dois casos para estudo. orientadora, Miriam Furtado Hartung – Florianópolis, SC, 2015. 338 p.</a></p>
<p><a href="https://bibliotecadigital.fgv.br/dspace/bitstream/handle/10438/11294/Tese%20definitiva%20Maria%20Cl%C3%A1udia%20Cardoso%20biblioteca.pdf" target="_blank" rel="noopener">FEREIRA, Maria Claudia Cardoso. A formação para as relações etnicorraciais e a profissionalização em história: saberes e práticas docentes no contexto da educação a distância. &#8211; 2013. 288 f.</a></p>
<p><a href="https://drive.google.com/file/d/0B8ny_UZCtJZGNVphR3BxdXhKSlU/view">PACHECO, Ana Cláudia Lemos. “Branca para casar, mulata para f&#8230; e negra para trabalhar”; escolhas afetivas e significados de solidão entre mulheres negras em Salvador, Bahia. / &#8211; Campinas, SP : [s. n.], 2008.</a></p>
<p><a href="http://www.repositorio.unb.br/bitstream/10482/1132/1/Tese_2007_%20AndersonRibeiroOliva.pdf" target="_blank" rel="noopener">PANTOJA, Selma Alves; OLIVA, Anderson Ribeiro. Lições sobre a África: Diálogos entre as representações dos africanos no imaginário Ocidental e o ensino da História da África no Mundo Atlântico. (1990-2005) &#8211; Brasília: Universidade de Brasília, 2007. 404p. </a></p>
<p><a href="https://repositorio.ufba.br/ri/bitstream/ri/23894/1/Tese%20Marlon%20versao%20Nicolau-LN%20%28REESCRITA%20CORRE%C3%87%C3%83O%29.pdf" target="_blank" rel="noopener">PASSOS, Marlon Marcos Vieira Passos. IYÁ Zulmira de Zumbá: uma trajetória entre nações de candomblé. &#8211; Salvador. 2016.</a></p>
<p><a href="https://nyemba.unilab.edu.br/wp-content/uploads/2017/04/Petroni_MarianaC.A._D.pdf" target="_blank" rel="noopener">PETRONI, Mariana C. A. Índios em movimento,: a trajetória política de Àlvaro Tukano. &#8211; Campinas, SP: [s/n], 2015</a></p>
<p><a href="https://repositorio.ufsc.br/bitstream/handle/123456789/128822/331961.pdf?sequence=1" target="_blank" rel="noopener">SANTOS, Tatiana Nascimento. Letramento e tradução no espelho de Oxum: teoria lésbica negra em auto/re/conhecimentos. Florianópolis, 2014.</a></p>
<p><a href="https://repositorio.ufba.br/ri/bitstream/ri/23561/3/Reduzido_PASSOU-%20AGORA%20%C3%89%20LUTA%21%20Um%20estudo%20sobre%20a%C3%A7%C3%B5es%20afirmativas%20e%20a%20presen%C3%A7a%20de%20jovens%20estudante.pdf" target="_blank" rel="noopener">SOUZA, Ana Cláudia Gomes de.“PASSOU? AGORA É LUTA!” Um estudo sobre ações afirmativas e a presença de jovens estudantes indígenas na Universidade Federal da Bahia.Salvador, 2016.</a></p>
<p><a href="https://nyemba.unilab.edu.br/wp-content/uploads/2017/04/Souza_CristianeSantos_D.pdf" target="_blank" rel="noopener">SOUZA, Cristiane Santos. Trajetórias de migrantes e seus descendentes: transformações urbanas, memória e inserção na metrópole baiana. &#8211; Campinas, SP: [s/n], 2013</a></p>
<p><a href="https://drive.google.com/file/d/0B8ny_UZCtJZGRmFWbjh2LW1YOGs/view" target="_blank" rel="noopener">VASCONCELOS, Vania Maria Ferreira. No colo das iabás: raça e gênero em escritoras afro-brasileiras contemporâneas. Brasilia. &#8211; 2014. 228p.</a></p>
<p>&nbsp;</p>
<p>&nbsp;</p>
<hr />
<h3 style="text-align: right;"><span style="color: #800000;"><strong>DISSERTAÇÕES</strong></span></h3>
<hr />
<p>&nbsp;</p>
<p><a href="https://estudogeral.sib.uc.pt/bitstream/10316/14605/1/Tese%20de%20Mestrado%20em%20Sociologia%20-%20Bruno%20Amaral%20Andrade.pdf" target="_blank" rel="noopener">AMARAL. Bruno Andrade. O Jogo da Capoeira Angola na Roda da Cultura Brasileira. Coimbra, 2010</a>.</p>
<p><a href="https://repositorio.ufba.br/ri/bitstream/ri/24082/1/dissertacao_CSCosta.pdf" target="_blank" rel="noopener">COSTA, Cristiane Sobrinho. Pescadores do Rio Vermelho: ritos, tradições e ancestralidade da pesca artesanal. Salvador. 2011</a></p>
<p><a href="http://www.repositorio.unb.br/bitstream/10482/5117/1/2006_AnaLuizaPinheiroFlauzina.pdf" target="_blank" rel="noopener">FLAUZINA, Ana Luiza Pinheiro. Corpo negro caído no chão: O sistema penal e o projeto genocida do estado brasileiro. Brasília, 2006.</a></p>
<p><a href="https://repositorio.ufba.br/ri/bitstream/ri/8669/1/dissertacao_artemisa_monteiro.pdf" target="_blank" rel="noopener">MONTEIRO, Artemisa Odila Cande.O PROCESSO DE CONSTRUÇÃO DA IDENTIDADE NEGRA EM TERESINA: O CASO DO GRUPO AFRO-CULTURAL COISA DE NÊGO. Salvador, 2008.</a></p>
<p><a href="https://nyemba.unilab.edu.br/wp-content/uploads/2017/04/Claudilene-arquivo926_1.pdf" target="_blank" rel="noopener">SILVA, Claudilene Maria. Professoras negras construindo identidades e práticas de enfrentamento do racismo no espaço escolar: O Autor: 2009</a></p>
<p><a href="https://nyemba.unilab.edu.br/wp-content/uploads/2017/04/ismael-tcham.pdf" target="_blank" rel="noopener">TCHAM, Ismael. A África fora de casa: sociabilidade, transito e conexões entre os estudantes africanos no Brasil. &#8211; Recife: O autor, 2012.</a></p>
<p>&nbsp;</p>
<hr />
<h3 style="text-align: right;"><span style="color: #800000;"><strong>MONOGRAFIAS</strong></span></h3>
<hr />
<p>&nbsp;</p>

<p>TESES &nbsp; BUTI, Rafael Palermo. A antropologia em contextos da política e ação quilombola no Brasil Meridional: dois casos para estudo. orientadora, Miriam Furtado Hartung – Florianópolis, SC, 2015. 338 p. FEREIRA, Maria Claudia Cardoso. A formação para as relações etnicorraciais e a profissionalização em história: saberes e práticas docentes no contexto da educação a [&hellip;]</p>
