{"id":1379,"date":"2017-11-18T12:27:08","date_gmt":"2017-11-18T15:27:08","guid":{"rendered":"http:\/\/nyemba.unilab.edu.br\/?page_id=1379"},"modified":"2018-04-17T13:32:50","modified_gmt":"2018-04-17T16:32:50","slug":"livros","status":"publish","type":"page","link":"https:\/\/nyemba.unilab.edu.br\/index.php\/bibliografia-nyemba-indicacoes-de-textos-e-audiovisuais\/livros\/","title":{"rendered":"LIVROS"},"content":{"rendered":"<h3 style=\"text-align: right;\"><strong><span style=\"color: #800000;\">B<\/span><\/strong><\/h3>\n<hr \/>\n<h3><\/h3>\n<div id=\"attachment_2075\" style=\"width: 222px\" class=\"wp-caption aligncenter\"><a href=\"https:\/\/mail-attachment.googleusercontent.com\/attachment\/u\/0\/?ui=2&amp;ik=114cb5a937&amp;view=att&amp;th=162cbd54267a3904&amp;attid=0.1&amp;disp=inline&amp;realattid=f_jfy2hglo0&amp;safe=1&amp;zw&amp;saddbat=ANGjdJ_huf7NCtgDbdXLfL9QgAJ6z2oTY6x_CF1IDRdoNBaGn1QYnLlhZcbwNbe5PCzlUwtaec-cy7F6jFrkUqzzpQv1xxjwq3Ta9o54rUqycq9zUk2gULQ0FV-s4PST2Dgt7TWZV1CHfV2fXRk-NqF7EH_y6c_yNq_N5JgxUX4QBzeder1xGaPgABGbUB09wKmUN_VrbbsenkWrbZpcNOIhdq4GVuMlPdlGIuTxCSPCZoxXW-GU2R_7bqegA1YtxbbZJoLBXirMKw_2P42CZvvsbAnaA5si6Ow2B460EVYF3wgl6AIk8FzxcH8qrdqaexnU4GJ07UXQ3cwfkGTiFmEM38heLBSMpj3u0ryZ_nzYrTOWqjVOpR3Kpp7BX3BvZL5_CBXoAVcU9pkNC1vw4V1fiPca6b78d_mbnAmlrF7k6gag2LS461Ac7H9KyqMDvX4ItGoB9mpSP17PikhPLeH3AYUlPXSv6PQ0qubTxKfbe7suMOyUmPD9Kw1sa2FZ_FiHF3PSDVp9QH_MeoU6rTe4YPrgf6gH8Hwv3_5WVYKiqRlT3uIXQCBc1GK4WX8lT0Ff59XmUfjX4smvd1aFSAZiyMPTlyqWUj1CRItOXA\" target=\"_blank\" rel=\"noopener\"><img loading=\"lazy\" decoding=\"async\" aria-describedby=\"caption-attachment-2075\" class=\" wp-image-2075\" src=\"https:\/\/nyemba.unilab.edu.br\/wp-content\/uploads\/2018\/04\/capa-livro-180x300.jpg\" alt=\"\" width=\"212\" height=\"353\" srcset=\"https:\/\/nyemba.unilab.edu.br\/wp-content\/uploads\/2018\/04\/capa-livro-180x300.jpg 180w, https:\/\/nyemba.unilab.edu.br\/wp-content\/uploads\/2018\/04\/capa-livro.jpg 539w\" sizes=\"auto, (max-width: 212px) 100vw, 212px\" \/><\/a><p id=\"caption-attachment-2075\" class=\"wp-caption-text\">BEVILACQUA, Juliana Ribeiro da Silva; SILVA, Renato Ara\u00fajo da. \u00c1frica em Artes. S\u00e3o Paulo: Museu Afro Brasil, 2015. 56 p. : il. ; 31 cm.<\/p><\/div>\n<p>&nbsp;<\/p>\n<p>&nbsp;<\/p>\n<hr \/>\n<h3 style=\"text-align: right;\"><strong><span style=\"color: #800000;\">C<\/span><\/strong><\/h3>\n<hr \/>\n<p>&nbsp;<\/p>\n<div id=\"attachment_1228\" style=\"width: 221px\" class=\"wp-caption aligncenter\"><a href=\"https:\/\/mail-attachment.googleusercontent.com\/attachment\/u\/0\/?ui=2&amp;ik=114cb5a937&amp;view=att&amp;th=15c3e1d6182ea571&amp;attid=0.2&amp;disp=inline&amp;realattid=f_j33zkpg61&amp;safe=1&amp;zw&amp;saddbat=ANGjdJ_p3hMkWj8IPyS393suIl6MKow5xI0cg5GUQL4pT5n-XIy3HvSAFqPo1jVvnt2UD9uHlj3fQMqdk_Bp_705vILH7asSmcND3_afob7SyCcOcTfSd43Ne4eKHS3yw-6-_Z6qiYXQO9yfdQij6JhSZ4z1Pp_lY_EqTiHk5YefyKPd-Rh7T9vqLXpvmU5eP6ToA1LC_Rt5l_D_925uoBvn7xcBODiHUfEzIM2YBkFuN05amp8ZmDpdMCSBJ7lyX5rCtoN4s1xv3o-fJD35AEL_cogLFXIZf0fRWC203rsTJA09ZmMfJJnPaxSma57jAP3uUP_KWvXFAfqwT3uNhGJ8d-fCJQNDB2vLvIoBlsiT9rN2erPfwyAsqiI7kqpZxYRyWJ7b9lY3V9ucAVjqF0zUQGPsE5q8pbZZQL1F706qLL5YdsVV_G7p7dFxv0cjBjxgpIPm-zCharHgUDwk1gIefRaZJz83fWNPQgRzRGq6G8kM2LU1vCNu1TTJP80Y9_q8xjFtCTOPmlF8Jyztu86QAPNnSXrbCLzoK0z-am36q3IPu2pCFGL18Gg2_FmDo0j7PhvClMvUW_QCcMWQ8xe_FGZNbk5R5jSL78nqWg\" target=\"_blank\" rel=\"noopener\"><img loading=\"lazy\" decoding=\"async\" aria-describedby=\"caption-attachment-1228\" class=\"wp-image-1228 \" src=\"https:\/\/nyemba.unilab.edu.br\/wp-content\/uploads\/2017\/04\/Baia-de-todos-os-santos2-234x300.jpg\" alt=\"\" width=\"211\" height=\"271\" srcset=\"https:\/\/nyemba.unilab.edu.br\/wp-content\/uploads\/2017\/04\/Baia-de-todos-os-santos2-234x300.jpg 234w, https:\/\/nyemba.unilab.edu.br\/wp-content\/uploads\/2017\/04\/Baia-de-todos-os-santos2-768x987.jpg 768w, https:\/\/nyemba.unilab.edu.br\/wp-content\/uploads\/2017\/04\/Baia-de-todos-os-santos2-797x1024.jpg 797w, https:\/\/nyemba.unilab.edu.br\/wp-content\/uploads\/2017\/04\/Baia-de-todos-os-santos2.jpg 1237w\" sizes=\"auto, (max-width: 211px) 100vw, 211px\" \/><\/a><p id=\"caption-attachment-1228\" class=\"wp-caption-text\">CARDOSO, Carlos, TAVARES, F\u00e1tima, PEREIRA, Cl\u00e1udio (org.). Ba\u00eda de todos os santos : aspectos humanos. &#8211; salvador : ed UFBa, 2011. 600 p. : il.<\/p><\/div>\n<p>&nbsp;<\/p>\n<p>&nbsp;<\/p>\n<div id=\"attachment_1856\" style=\"width: 219px\" class=\"wp-caption aligncenter\"><a href=\"http:\/\/www.univas.edu.br\/menu\/BIBLIOTECA\/servicosOferecidos\/livrosDigitalizados\/historia\/DominiosdaHistoriaCiroFlamarionCardosoeRonaldoVainfas.pdf\" target=\"_blank\" rel=\"noopener\"><img loading=\"lazy\" decoding=\"async\" aria-describedby=\"caption-attachment-1856\" class=\"wp-image-1856 size-medium\" src=\"https:\/\/nyemba.unilab.edu.br\/wp-content\/uploads\/2018\/02\/download-209x300.jpg\" alt=\"\" width=\"209\" height=\"300\" srcset=\"https:\/\/nyemba.unilab.edu.br\/wp-content\/uploads\/2018\/02\/download-209x300.jpg 209w, https:\/\/nyemba.unilab.edu.br\/wp-content\/uploads\/2018\/02\/download.jpg 247w\" sizes=\"auto, (max-width: 209px) 100vw, 209px\" \/><\/a><p id=\"caption-attachment-1856\" class=\"wp-caption-text\">CARDOSO, Ciro Flamarion; VAINFAS, Ronaldo [orgs.]. Dom\u00ednios da hist\u00f3ria : ensaios de teoria e metodologia\/ &#8211; Rio de Janeiro: Campus, 1997.<\/p><\/div>\n<p>&nbsp;<\/p>\n<p>&nbsp;<\/p>\n<hr \/>\n<h3 style=\"text-align: right;\"><strong><span style=\"color: #800000;\">F<\/span><\/strong><\/h3>\n<hr \/>\n<p>&nbsp;<\/p>\n<div id=\"attachment_1751\" style=\"width: 214px\" class=\"wp-caption aligncenter\"><a href=\"http:\/\/www.dhnet.org.br\/direitos\/militantes\/paulofreire\/livro_freire_educacao_pratica_liberdade.pdf\" target=\"_blank\" rel=\"noopener\"><img loading=\"lazy\" decoding=\"async\" aria-describedby=\"caption-attachment-1751\" class=\"wp-image-1751 \" src=\"https:\/\/nyemba.unilab.edu.br\/wp-content\/uploads\/2018\/01\/Educa\u00e7\u00e3o-como-pr\u00e1tica-da-liberdade.jpg\" alt=\"\" width=\"204\" height=\"300\" \/><\/a><p id=\"caption-attachment-1751\" class=\"wp-caption-text\">FREIRE, Paulo. Educa\u00e7\u00e3o Como Pr\u00e1tica da Liberdade. Rio de Janeiro: Paz e Terra. 1967<\/p><\/div>\n<p>&nbsp;<\/p>\n<div class=\"mceTemp\"><\/div>\n<hr \/>\n<h3 style=\"text-align: right;\"><span style=\"color: #800000;\"><strong>G<\/strong><\/span><\/h3>\n<hr \/>\n<h3><\/h3>\n<div id=\"attachment_1740\" style=\"width: 216px\" class=\"wp-caption aligncenter\"><a href=\"https:\/\/negrasoulblog.files.wordpress.com\/2016\/04\/lc3a9lia-gonzales-carlos-hasenbalg-lugar-de-negro1.pdf\" target=\"_blank\" rel=\"noopener\"><img loading=\"lazy\" decoding=\"async\" aria-describedby=\"caption-attachment-1740\" class=\"wp-image-1740 size-medium\" src=\"https:\/\/nyemba.unilab.edu.br\/wp-content\/uploads\/2018\/01\/Livro-Lugar-de-Negro-1982-206x300.jpg\" alt=\"\" width=\"206\" height=\"300\" srcset=\"https:\/\/nyemba.unilab.edu.br\/wp-content\/uploads\/2018\/01\/Livro-Lugar-de-Negro-1982-206x300.jpg 206w, https:\/\/nyemba.unilab.edu.br\/wp-content\/uploads\/2018\/01\/Livro-Lugar-de-Negro-1982.jpg 488w\" sizes=\"auto, (max-width: 206px) 100vw, 206px\" \/><\/a><p id=\"caption-attachment-1740\" class=\"wp-caption-text\">GONZALES, L\u00e9lia; HASENBALG, Carlos. Lugar de Negro. Rio de Janeiro: Marco Zero. 1982<\/p><\/div>\n<p>&nbsp;<\/p>\n<hr \/>\n<h3 style=\"text-align: right;\"><span style=\"color: #800000;\"><strong>H<\/strong><\/span><\/h3>\n<hr \/>\n<p>&nbsp;<\/p>\n<div id=\"attachment_1388\" style=\"width: 229px\" class=\"wp-caption aligncenter\"><a href=\"https:\/\/edisciplinas.usp.br\/pluginfile.php\/4135505\/mod_resource\/content\/1\/A%20Identidade%20Cultural%20na%20P%C3%B3s-Modernidade%20-%20Stuart%20Hall.pdf\" target=\"_blank\" rel=\"noopener\"><img loading=\"lazy\" decoding=\"async\" aria-describedby=\"caption-attachment-1388\" class=\"wp-image-1388 \" src=\"https:\/\/nyemba.unilab.edu.br\/wp-content\/uploads\/2017\/11\/hall-180x300.jpg\" alt=\"\" width=\"219\" height=\"365\" srcset=\"https:\/\/nyemba.unilab.edu.br\/wp-content\/uploads\/2017\/11\/hall-180x300.jpg 180w, https:\/\/nyemba.unilab.edu.br\/wp-content\/uploads\/2017\/11\/hall.jpg 300w\" sizes=\"auto, (max-width: 219px) 100vw, 219px\" \/><\/a><p id=\"caption-attachment-1388\" class=\"wp-caption-text\">HALL, Stuart. A identidade cultural na p\u00f3s modernidade. 11\u00ba ed. Rio de Janeiro. 2006<\/p><\/div>\n<p>&nbsp;<\/p>\n<hr \/>\n<h3 style=\"text-align: right;\"><span style=\"color: #800000;\"><strong>K<\/strong><\/span><\/h3>\n<hr \/>\n<p>&nbsp;<\/p>\n<div id=\"attachment_1332\" style=\"width: 231px\" class=\"wp-caption aligncenter\"><a href=\"http:\/\/unesdoc.unesco.org\/images\/0019\/001902\/190249por.pdf\" target=\"_blank\" rel=\"noopener\"><img loading=\"lazy\" decoding=\"async\" aria-describedby=\"caption-attachment-1332\" class=\"wp-image-1332\" src=\"https:\/\/nyemba.unilab.edu.br\/wp-content\/uploads\/2017\/11\/download.jpg\" alt=\"\" width=\"221\" height=\"339\" \/><\/a><p id=\"caption-attachment-1332\" class=\"wp-caption-text\">KI-ZERBO, Joseph (org). Hist\u00f3ria geral da \u00c1frica, I: Metodologia e pr\u00e9-hist\u00f3ria da \u00c1frica \/ \u2013 2.ed. rev. \u2013 Bras\u00edlia : UNESCO, 2010. 992 p.<\/p><\/div>\n<hr \/>\n<h3 style=\"text-align: right;\"><span style=\"color: #800000;\"><strong>L<\/strong><\/span><\/h3>\n<hr \/>\n<p>&nbsp;<\/p>\n<div id=\"attachment_1164\" style=\"width: 242px\" class=\"wp-caption aligncenter\"><a href=\"http:\/\/memorial.trt11.jus.br\/wp-content\/uploads\/Hist%C3%B3ria-e-Mem%C3%B3ria.pdf\" target=\"_blank\" rel=\"noopener\"><img loading=\"lazy\" decoding=\"async\" aria-describedby=\"caption-attachment-1164\" class=\"wp-image-1164 size-medium\" src=\"https:\/\/nyemba.unilab.edu.br\/wp-content\/uploads\/2017\/04\/le-goff-232x300.jpg\" alt=\"\" width=\"232\" height=\"300\" srcset=\"https:\/\/nyemba.unilab.edu.br\/wp-content\/uploads\/2017\/04\/le-goff-232x300.jpg 232w, https:\/\/nyemba.unilab.edu.br\/wp-content\/uploads\/2017\/04\/le-goff-768x994.jpg 768w, https:\/\/nyemba.unilab.edu.br\/wp-content\/uploads\/2017\/04\/le-goff-791x1024.jpg 791w, https:\/\/nyemba.unilab.edu.br\/wp-content\/uploads\/2017\/04\/le-goff.jpg 1156w\" sizes=\"auto, (max-width: 232px) 100vw, 232px\" \/><\/a><p id=\"caption-attachment-1164\" class=\"wp-caption-text\">LE GOFF, Jacques, 1924. Hist\u00f3ria e mem\u00f3ria; tradu\u00e7\u00e3o Bernardo Leit\u00e3o&#8230; [et al.] &#8212; Campinas, SP Editora da UNICAMP, 1990. (Cole\u00e7\u00e3o Repert\u00f3rios)<\/p><\/div>\n<hr \/>\n<h3 style=\"text-align: right;\"><span style=\"color: #800000;\"><strong>M<\/strong><\/span><\/h3>\n<hr \/>\n<p>&nbsp;<\/p>\n<div id=\"attachment_1380\" style=\"width: 224px\" class=\"wp-caption aligncenter\"><a href=\"http:\/\/portal.mec.gov.br\/secad\/arquivos\/pdf\/racismo_escola.pdf\" target=\"_blank\" rel=\"noopener\"><img loading=\"lazy\" decoding=\"async\" aria-describedby=\"caption-attachment-1380\" class=\"wp-image-1380 size-medium\" src=\"https:\/\/nyemba.unilab.edu.br\/wp-content\/uploads\/2017\/11\/superando-o-racismo-na-escola-214x300.jpg\" alt=\"\" width=\"214\" height=\"300\" srcset=\"https:\/\/nyemba.unilab.edu.br\/wp-content\/uploads\/2017\/11\/superando-o-racismo-na-escola-214x300.jpg 214w, https:\/\/nyemba.unilab.edu.br\/wp-content\/uploads\/2017\/11\/superando-o-racismo-na-escola.jpg 427w\" sizes=\"auto, (max-width: 214px) 100vw, 214px\" \/><\/a><p id=\"caption-attachment-1380\" class=\"wp-caption-text\">MUNANGA, Kabenguele (org.). Superando o Racismo na escola. 2\u00aa edi\u00e7\u00e3o revisada. \u2013 [Bras\u00edlia]: Minist\u00e9rio da Educa\u00e7\u00e3o, Secretaria de Educa\u00e7\u00e3o Continuada, Alfabetiza\u00e7\u00e3o e Diversidade, 2005. 204p.: il.<\/p><\/div>\n<p>&nbsp;<\/p>\n<hr \/>\n<h3 style=\"text-align: right;\"><span style=\"color: #800000;\"><strong>N<\/strong><\/span><\/h3>\n<hr \/>\n<p>&nbsp;<\/p>\n<div id=\"attachment_2000\" style=\"width: 210px\" class=\"wp-caption aligncenter\"><a href=\"https:\/\/baobavoador.noblogs.org\/files\/2016\/01\/O-QUILOMBISMO-Abdias-Do-Nascimento.pdf\" target=\"_blank\" rel=\"noopener\"><img loading=\"lazy\" decoding=\"async\" aria-describedby=\"caption-attachment-2000\" class=\"wp-image-2000 size-full\" src=\"https:\/\/nyemba.unilab.edu.br\/wp-content\/uploads\/2018\/03\/O_QUILOMBISMO_1379208722B.jpg\" alt=\"\" width=\"200\" height=\"288\" \/><\/a><p id=\"caption-attachment-2000\" class=\"wp-caption-text\">NASCIMENTO, Abdias do. O QUILOMBISMO. Direitos de publica\u00e7\u00e3o: Editora Vozes Ltda. Rua Frei Lu\u00eds, 100 25600 Petr\u00f3polis \u2013 RJ. 1980<\/p><\/div>\n<p>&nbsp;<\/p>\n<hr \/>\n<h3 style=\"text-align: right;\"><span style=\"color: #800000;\"><strong>R<\/strong><\/span><\/h3>\n<hr \/>\n<p>&nbsp;<\/p>\n<div id=\"attachment_1990\" style=\"width: 216px\" class=\"wp-caption aligncenter\"><a href=\"https:\/\/www.imprensaoficial.com.br\/downloads\/pdf\/projetossociais\/eusouatlantica.pdf\" target=\"_blank\" rel=\"noopener\"><img loading=\"lazy\" decoding=\"async\" aria-describedby=\"caption-attachment-1990\" class=\"wp-image-1990\" src=\"https:\/\/nyemba.unilab.edu.br\/wp-content\/uploads\/2018\/03\/eu_sou_atlantica2-278x300.jpg\" alt=\"\" width=\"206\" height=\"223\" srcset=\"https:\/\/nyemba.unilab.edu.br\/wp-content\/uploads\/2018\/03\/eu_sou_atlantica2-278x300.jpg 278w, https:\/\/nyemba.unilab.edu.br\/wp-content\/uploads\/2018\/03\/eu_sou_atlantica2.jpg 400w\" sizes=\"auto, (max-width: 206px) 100vw, 206px\" \/><\/a><p id=\"caption-attachment-1990\" class=\"wp-caption-text\">RATTS, Alex. Eu sou atl\u00e2ntica sobre a trajet\u00f3ria de vida de Beatriz Nascimento. Instituto Kuanza. S\u00e3o Paulo, 2006.<\/p><\/div>\n<p>&nbsp;<\/p>\n<hr \/>\n<h3 style=\"text-align: right;\"><span style=\"color: #800000;\"><strong>S<\/strong><\/span><\/h3>\n<hr \/>\n<p>&nbsp;<\/p>\n<div id=\"attachment_1165\" style=\"width: 218px\" class=\"wp-caption aligncenter\"><a href=\"https:\/\/static.scielo.org\/scielobooks\/hqhrv\/pdf\/santos-9788523208950.pdf\" target=\"_blank\" rel=\"noopener\"><img loading=\"lazy\" decoding=\"async\" aria-describedby=\"caption-attachment-1165\" class=\"wp-image-1165 size-medium\" src=\"https:\/\/nyemba.unilab.edu.br\/wp-content\/uploads\/2017\/04\/cultura-208x300.jpeg\" alt=\"\" width=\"208\" height=\"300\" srcset=\"https:\/\/nyemba.unilab.edu.br\/wp-content\/uploads\/2017\/04\/cultura-208x300.jpeg 208w, https:\/\/nyemba.unilab.edu.br\/wp-content\/uploads\/2017\/04\/cultura-768x1109.jpeg 768w, https:\/\/nyemba.unilab.edu.br\/wp-content\/uploads\/2017\/04\/cultura-709x1024.jpeg 709w, https:\/\/nyemba.unilab.edu.br\/wp-content\/uploads\/2017\/04\/cultura.jpeg 2000w\" sizes=\"auto, (max-width: 208px) 100vw, 208px\" \/><\/a><p id=\"caption-attachment-1165\" class=\"wp-caption-text\">SANTOS, Joc\u00e9lio Teles dos. O poder da cultura e a cultura no poder : a disputa simb\u00f3lica da heran\u00e7a cultural negra no Brasil &#8211; Salvador : EDUFBA, 2005. 264 p.<\/p><\/div>\n<p>&nbsp;<\/p>\n<div id=\"attachment_1749\" style=\"width: 205px\" class=\"wp-caption aligncenter\"><a href=\"http:\/\/www.educadores.diaadia.pr.gov.br\/arquivos\/File\/2010\/sugestao_leitura\/sociologia\/outra_globalizacao.pdf\" target=\"_blank\" rel=\"noopener\"><img loading=\"lazy\" decoding=\"async\" aria-describedby=\"caption-attachment-1749\" class=\"wp-image-1749 size-medium\" src=\"https:\/\/nyemba.unilab.edu.br\/wp-content\/uploads\/2018\/01\/download-195x300.jpg\" alt=\"\" width=\"195\" height=\"300\" srcset=\"https:\/\/nyemba.unilab.edu.br\/wp-content\/uploads\/2018\/01\/download-195x300.jpg 195w, https:\/\/nyemba.unilab.edu.br\/wp-content\/uploads\/2018\/01\/download.jpg 430w\" sizes=\"auto, (max-width: 195px) 100vw, 195px\" \/><\/a><p id=\"caption-attachment-1749\" class=\"wp-caption-text\">SANTOS, Milton. POR UMA OUTRA GLOBALIZA\u00c7\u00c3O, do pensamento \u00fanico \u00e0 consci\u00eancia universal. Record, Rio de Janeiro, 2000. (4\u00ba edi\u00e7\u00e3o: 2000)<\/p><\/div>\n<p>&nbsp;<\/p>\n<div id=\"attachment_1304\" style=\"width: 217px\" class=\"wp-caption aligncenter\"><a href=\"http:\/\/www.repositorio.ufba.br:8080\/ri\/bitstream\/ri\/8688\/1\/Ana%20Ceia%20da%20Silva.pdf\" target=\"_blank\" rel=\"noopener\"><img loading=\"lazy\" decoding=\"async\" aria-describedby=\"caption-attachment-1304\" class=\"wp-image-1304\" src=\"https:\/\/nyemba.unilab.edu.br\/wp-content\/uploads\/2017\/04\/download.png\" alt=\"\" width=\"207\" height=\"305\" \/><\/a><p id=\"caption-attachment-1304\" class=\"wp-caption-text\">SILVA, Ana C\u00e9lia da. A representa\u00e7\u00e3o social do negro no livro did\u00e1tico : o que mudou ? por que mudou? \/ Ana C\u00e9lia da Silva. \u2013 Salvador : EDUFBA, 2011. 182 p.<\/p><\/div>\n<p>&nbsp;<\/p>\n<hr \/>\n<h3 style=\"text-align: right;\"><span style=\"color: #800000;\"><strong>V<\/strong><\/span><\/h3>\n<hr \/>\n<p>&nbsp;<\/p>\n<div id=\"attachment_1183\" style=\"width: 213px\" class=\"wp-caption aligncenter\"><a href=\"https:\/\/tepma.files.wordpress.com\/2011\/08\/orixc3a1s-o-mundo-magico-da-umbanda.pdf\" target=\"_blank\" rel=\"noopener\"><img loading=\"lazy\" decoding=\"async\" aria-describedby=\"caption-attachment-1183\" class=\"wp-image-1183 \" src=\"https:\/\/nyemba.unilab.edu.br\/wp-content\/uploads\/2017\/04\/88057-234x300.jpg\" alt=\"\" width=\"203\" height=\"260\" srcset=\"https:\/\/nyemba.unilab.edu.br\/wp-content\/uploads\/2017\/04\/88057-234x300.jpg 234w, https:\/\/nyemba.unilab.edu.br\/wp-content\/uploads\/2017\/04\/88057.jpg 390w\" sizes=\"auto, (max-width: 203px) 100vw, 203px\" \/><\/a><p id=\"caption-attachment-1183\" class=\"wp-caption-text\">VERGER, Pierre Fatumbi. Orix\u00e1s: deuses iorub\u00e1s na Africa e no Novo Mundo. 2002. 296 p. Editora Corrupio.<\/p><\/div>\n<p>&nbsp;<\/p>\n<hr \/>\n<h3 style=\"text-align: right;\"><span style=\"color: #800000;\"><strong>W<\/strong><\/span><\/h3>\n<hr \/>\n<h6><\/h6>\n<div id=\"attachment_1853\" style=\"width: 223px\" class=\"wp-caption aligncenter\"><a href=\"http:\/\/criola.org.br\/wp-content\/uploads\/2017\/10\/livro_mulheresnegras_1_.pdf\" target=\"_blank\" rel=\"noopener\"><img loading=\"lazy\" decoding=\"async\" aria-describedby=\"caption-attachment-1853\" class=\"wp-image-1853 size-medium\" src=\"https:\/\/nyemba.unilab.edu.br\/wp-content\/uploads\/2018\/02\/Mulheres-Negras-213x300.png\" alt=\"\" width=\"213\" height=\"300\" srcset=\"https:\/\/nyemba.unilab.edu.br\/wp-content\/uploads\/2018\/02\/Mulheres-Negras-213x300.png 213w, https:\/\/nyemba.unilab.edu.br\/wp-content\/uploads\/2018\/02\/Mulheres-Negras.png 467w\" sizes=\"auto, (max-width: 213px) 100vw, 213px\" \/><\/a><p id=\"caption-attachment-1853\" class=\"wp-caption-text\">WERNECK, Jurema [org.]. Mulheres negras: um olhar sobre as lutas sociais e as pol\u00edticas p\u00fablicas no Brasil. Crioula, 2010.<\/p><\/div>\n<h6><\/h6>\n<h6 style=\"text-align: right;\"><em><span style=\"color: #808080;\"><strong>Obs.: T\u00edtulos dispon\u00edveis on-line<\/strong><\/span><\/em><\/h6>\n","protected":false},"excerpt":{"rendered":"<p>B &nbsp; &nbsp; C &nbsp; &nbsp; &nbsp; &nbsp; &nbsp; &nbsp; F &nbsp; &nbsp; G &nbsp; H &nbsp; &nbsp; K &nbsp; L &nbsp; &nbsp; M &nbsp; &nbsp; &nbsp; N &nbsp; &nbsp; R &nbsp; &nbsp; S &nbsp; &nbsp; &nbsp; &nbsp; V &nbsp; &nbsp; W Obs.: T\u00edtulos dispon\u00edveis on-line<\/p>\n","protected":false},"author":2,"featured_media":0,"parent":554,"menu_order":0,"comment_status":"closed","ping_status":"closed","template":"","meta":{"footnotes":""},"class_list":["post-1379","page","type-page","status-publish","hentry"],"_links":{"self":[{"href":"https:\/\/nyemba.unilab.edu.br\/index.php\/wp-json\/wp\/v2\/pages\/1379","targetHints":{"allow":["GET"]}}],"collection":[{"href":"https:\/\/nyemba.unilab.edu.br\/index.php\/wp-json\/wp\/v2\/pages"}],"about":[{"href":"https:\/\/nyemba.unilab.edu.br\/index.php\/wp-json\/wp\/v2\/types\/page"}],"author":[{"embeddable":true,"href":"https:\/\/nyemba.unilab.edu.br\/index.php\/wp-json\/wp\/v2\/users\/2"}],"replies":[{"embeddable":true,"href":"https:\/\/nyemba.unilab.edu.br\/index.php\/wp-json\/wp\/v2\/comments?post=1379"}],"version-history":[{"count":18,"href":"https:\/\/nyemba.unilab.edu.br\/index.php\/wp-json\/wp\/v2\/pages\/1379\/revisions"}],"predecessor-version":[{"id":2076,"href":"https:\/\/nyemba.unilab.edu.br\/index.php\/wp-json\/wp\/v2\/pages\/1379\/revisions\/2076"}],"up":[{"embeddable":true,"href":"https:\/\/nyemba.unilab.edu.br\/index.php\/wp-json\/wp\/v2\/pages\/554"}],"wp:attachment":[{"href":"https:\/\/nyemba.unilab.edu.br\/index.php\/wp-json\/wp\/v2\/media?parent=1379"}],"curies":[{"name":"wp","href":"https:\/\/api.w.org\/{rel}","templated":true}]}}