{"id":1680,"date":"2018-01-17T14:43:04","date_gmt":"2018-01-17T17:43:04","guid":{"rendered":"http:\/\/nyemba.unilab.edu.br\/?page_id=1680"},"modified":"2018-07-10T13:52:03","modified_gmt":"2018-07-10T16:52:03","slug":"1680-2","status":"publish","type":"page","link":"https:\/\/nyemba.unilab.edu.br\/index.php\/bibliografia-nyemba-indicacoes-de-textos-e-audiovisuais\/audiovisuais\/1680-2\/","title":{"rendered":"Eventos"},"content":{"rendered":"<p class=\"title style-scope ytd-video-primary-info-renderer\"><strong>Angela Davis na UFBA &#8211; Transmiss\u00e3o on line do evento na \u00edntegra [\u00a0TV UFBA na \u00edntegra SD ]<\/strong><\/p>\n<p><iframe loading=\"lazy\" title=\"TV UFBA na \u00edntegra SD - Angela Davis na UFBA - Transmiss\u00e3o on line do evento na \u00edntegra\" width=\"500\" height=\"281\" src=\"https:\/\/www.youtube.com\/embed\/6CdrOqPE7Rs?feature=oembed\" frameborder=\"0\" allow=\"accelerometer; autoplay; clipboard-write; encrypted-media; gyroscope; picture-in-picture; web-share\" referrerpolicy=\"strict-origin-when-cross-origin\" allowfullscreen><\/iframe><\/p>\n<p><strong>Sinopse:\u00a0<\/strong>&#8220;Nesta ter\u00e7a-feira (25), a Confer\u00eancia da fil\u00f3sofa e ativista norte-americana, Angela Davis, diretamente do sal\u00e3o nobre da Reitoria da Universidade Federal da Bahia. A palestra, intitulada \u201cAtravessando o tempo e construindo o futuro da luta contra o racismo\u201d, faz parte da programa\u00e7\u00e3o Julho das Pretas, agenda unificada de a\u00e7\u00f5es do movimento de mulheres negras na Bahia e em diversos outros estados, em comemora\u00e7\u00e3o ao m\u00eas da Mulher Afro Latino Americana e Caribenha. Dentro da programa\u00e7\u00e3o Julho das Pretas, o N\u00facleo de Estudos Interdisciplinares sobre a Mulher (NEIM\/UFBA), a Universidade Federal do Rec\u00f4ncavo da Bahia (UFRB) e a organiza\u00e7\u00e3o feminista Odara &#8211; Instituto da Mulher Negra, firmaram uma parceria para que a comunidade universit\u00e1ria e f\u00e3s da ativista tivessem a oportunidade de ouvi-la na capital baiana. Angela Davis: Professora, fil\u00f3sofa, escritora e feminista, tem uma trajet\u00f3ria de contribui\u00e7\u00e3o pol\u00edtica nos Estados Unidos marcada pela luta em defesa dos direitos civis das pessoas negras e das mulheres. \u00c9 contra o encarceramento em massa do povo negro e defende um mundo sustent\u00e1vel. Nos anos de 1970 foi militante comunista, membro do grupo Panteras Negras e ganhou notoriedade ao ser r\u00e9 de um dos mais controversos julgamentos criminais da hist\u00f3ria de seu pa\u00eds. Em janeiro deste ano, discursou na Marcha das Mulheres contra Donald Trump, em Washington, nos Estados Unidos. Texto TVE&#8221;<\/p>\n<p>&nbsp;<\/p>\n<p>&nbsp;<\/p>\n<hr \/>\n<p class=\"title style-scope ytd-video-primary-info-renderer\"><strong>Chimamanda Adichie: O perigo da hist\u00f3ria \u00fanica [Legendado]<\/strong><\/p>\n<p><iframe loading=\"lazy\" title=\"Chimamanda Adichie: O perigo da hist\u00f3ria \u00fanica\" width=\"500\" height=\"281\" src=\"https:\/\/www.youtube.com\/embed\/EC-bh1YARsc?feature=oembed\" frameborder=\"0\" allow=\"accelerometer; autoplay; clipboard-write; encrypted-media; gyroscope; picture-in-picture; web-share\" referrerpolicy=\"strict-origin-when-cross-origin\" allowfullscreen><\/iframe><\/p>\n<p><strong>Sinopse:\u00a0<\/strong>&#8220;Pegar toda a complexidade de uma pessoa e de seu contexto e reduzi-los a um s\u00f3 aspecto \u00e9 o que Chimamanda chama de o perigo da hist\u00f3ria \u00fanica. Como uma estudante nigeriana em uma universidade nos Estados Unidos, ela vivenciou com frequ\u00eancia isso. A imagem do continente africano como lugar de guerras e fome se refletiu na imagem que tinham dela. De sua colega de quarto, Chimamanda escutou questionamentos sobre sua capacidade de falar ingl\u00eas ou de operar um fog\u00e3o e d\u00favidas sobre a \u201cm\u00fasica tribal\u201d que ela escutava. \u201cNessa \u00fanica hist\u00f3ria n\u00e3o havia possibilidade\u00a0de os africanos serem iguais a ela, de jeito nenhum.\u00a0 A hist\u00f3ria \u00fanica tamb\u00e9m recaiu sobre seu trabalho liter\u00e1rio, criticado por n\u00e3o ser \u201cautenticamente africano\u201d j\u00e1 que seus personagens dirigiam carros, n\u00e3o passavam fome e tinham coisas em comum com os americanos. Esta diferencia\u00e7\u00e3o entre o eu e o Outro, segundo a autora, \u00e9 uma das graves consequ\u00eancias da hist\u00f3ria \u00fanica. \u201cEla rouba das pessoas sua dignidade. Faz o reconhecimento de nossa humanidade compartilhada dif\u00edcil. Enfatiza como n\u00f3s somos diferentes, ao inv\u00e9s de como somos semelhantes.\u201d Chimamanda tamb\u00e9m aponta a hist\u00f3ria \u00fanica como fonte dos estere\u00f3tipos: \u201cmostre um povo como uma coisa, como somente uma coisa, repetidamente, e ser\u00e1 o que eles se tornar\u00e3o\u201d. Para a escritora, \u201cpoder \u00e9 a habilidade de n\u00e3o s\u00f3 contar a hist\u00f3ria de uma outra pessoa, mas de faz\u00ea-la a hist\u00f3ria definitiva daquela pessoa\u201d.\u00a0<span style=\"font-weight: inherit;\">Chimamanda Adichie \u00e9 uma das principais escritoras nigerianas da atualidade. \u00c9 autora de poemas, contos e romances. Seu \u00faltimo livro, \u201cAmericanah\u201d, foi apontado pelo jornal New York Times como um das dez melhores obras de 2013. Al\u00e9m da palestra \u201cO perigo da hist\u00f3ria \u00fanica\u201d, Chimamanda tamb\u00e9m falou em evento livre do TED (<\/span><a style=\"font-weight: inherit;\" href=\"http:\/\/tedxtalks.ted.com\/video\/We-should-all-be-feminists-Chim\" target=\"_blank\" rel=\"noopener\">TEDx<\/a><span style=\"font-weight: inherit;\">) sobre feminismo&#8221;.<\/span><\/p>\n<p>&nbsp;<\/p>\n<p>&nbsp;<\/p>\n<hr \/>\n<p class=\"title style-scope ytd-video-primary-info-renderer\"><strong>Eu Empregada Dom\u00e9stica | Preta Rara | TEDxSaoPaulo<\/strong><\/p>\n<p><iframe loading=\"lazy\" title=\"Eu Empregada Dom\u00e9stica | Preta Rara | TEDxSaoPaulo\" width=\"500\" height=\"281\" src=\"https:\/\/www.youtube.com\/embed\/_d_n-z3s8Lo?start=165&#038;feature=oembed\" frameborder=\"0\" allow=\"accelerometer; autoplay; clipboard-write; encrypted-media; gyroscope; picture-in-picture; web-share\" referrerpolicy=\"strict-origin-when-cross-origin\" allowfullscreen><\/iframe><\/p>\n<p><strong>Sinopse:<\/strong> &#8220;Joyce, a Preta Rara, fala do que aprendeu com sua experi\u00eancia de trabalho como empregada dom\u00e9stica e com a p\u00e1gina de Facebook que criou em julho de 2016. Preta Rara, ou Joyce Fernandes, \u00e9 graduada em Hist\u00f3ria e d\u00e1 aulas de hist\u00f3ria. Tamb\u00e9m \u00e9 rapper e ativista. Se tornou porta-voz das empregadas dom\u00e9sticas no Brasil depois de criar a p\u00e1gina Eu Empregada Dom\u00e9stica no Facebook. This talk was given at a TEDx event using the TED conference format but independently organized by a local community. Learn more at <a class=\"yt-simple-endpoint style-scope yt-formatted-string\" spellcheck=\"false\" href=\"https:\/\/www.youtube.com\/redirect?q=http%3A%2F%2Fted.com%2Ftedx&amp;event=video_description&amp;v=_d_n-z3s8Lo&amp;redir_token=5TP3LYVapv8Ut9d45Z_0aSFuxdJ8MTUzMTMyNjMwMEAxNTMxMjM5OTAw\">http:\/\/ted.com\/tedx<\/a>&#8221;<\/p>\n<p>&nbsp;<\/p>\n<p>&nbsp;<\/p>\n<p>&nbsp;<\/p>\n<hr \/>\n<p class=\"title style-scope ytd-video-primary-info-renderer\"><strong>HOMENAGEM A MATILDE RIBEIRO NA COMEMORA\u00c7\u00c3O 10 ANOS DE SEPPIR<\/strong><\/p>\n<p><iframe loading=\"lazy\" title=\"HOMENAGEM A MATILDE RIBEIRO NA COMEMORA\u00c7\u00c3O 10 ANOS DE SEPPIR\" width=\"500\" height=\"375\" src=\"https:\/\/www.youtube.com\/embed\/-0h-T4HMTNA?feature=oembed\" frameborder=\"0\" allow=\"accelerometer; autoplay; clipboard-write; encrypted-media; gyroscope; picture-in-picture; web-share\" referrerpolicy=\"strict-origin-when-cross-origin\" allowfullscreen><\/iframe><\/p>\n<p><strong>Sinopse:<\/strong> &#8220;Em 21.03.2013 foi Comemorado os 10 anos da cria\u00e7\u00e3o da Seppir &#8211; Secretaria de Promo\u00e7\u00e3o de Politicas de Igualdade Racial, Presid\u00eancia da Republica. No evento v\u00e1rios representantes pol\u00edticos foram homenageado, esta edi\u00e7\u00e3o de v\u00eddeo mostra o trecho em que Matilde Ribeiro &#8211; Primeira Ministra da Seppir\/PR (2003 &#8211; 2008) &#8211; atual Secretaria-Adjunta da Seppir \/S\u00e3o Paulo, recebe a homenagem.&#8221;<\/p>\n<p>&nbsp;<\/p>\n<p>&nbsp;<\/p>\n<hr \/>\n<p class=\"title style-scope ytd-video-primary-info-renderer\"><strong>Milton Santos fala sobre a condi\u00e7\u00e3o do negro no Brasil<\/strong><\/p>\n<p><iframe loading=\"lazy\" title=\"Milton Santos fala sobre a condi\u00e7\u00e3o do negro no Brasil\" width=\"500\" height=\"375\" src=\"https:\/\/www.youtube.com\/embed\/bvEgzA6SACA?feature=oembed\" frameborder=\"0\" allow=\"accelerometer; autoplay; clipboard-write; encrypted-media; gyroscope; picture-in-picture; web-share\" referrerpolicy=\"strict-origin-when-cross-origin\" allowfullscreen><\/iframe><\/p>\n<p><strong>Sinopse:<\/strong> TV &#8211; Boliva: &#8220;Conhe\u00e7a mais sobre Milton Santos &#8211; <a class=\"yt-simple-endpoint style-scope yt-formatted-string\" href=\"https:\/\/www.youtube.com\/redirect?event=video_description&amp;v=bvEgzA6SACA&amp;redir_token=3_HPa5ND93pT9AyfWvTWqs_j2fB8MTUxNjgwMzM5NkAxNTE2NzE2OTk2&amp;q=http%3A%2F%2Fwww.miltonsantos.com.br%2F\">http:\/\/www.miltonsantos.com.br\/<\/a>&#8221;<\/p>\n<p>&nbsp;<\/p>\n<p>&nbsp;<\/p>\n<hr \/>\n<p class=\"title style-scope ytd-video-primary-info-renderer\"><strong>Ninja Ao Vivo! Lula m S\u00e3o Francisco do Conde (BA) e participa da cola\u00e7\u00e3o de estudantes da UNILAB<\/strong><\/p>\n<p>https:\/\/www.youtube.com\/watch?v=0Fir-FsbPA8<\/p>\n<p>&nbsp;<\/p>\n<p>&nbsp;<\/p>\n<p>&nbsp;<\/p>\n<hr \/>\n<p>&nbsp;<\/p>\n","protected":false},"excerpt":{"rendered":"<p>Angela Davis na UFBA &#8211; Transmiss\u00e3o on line do evento na \u00edntegra [\u00a0TV UFBA na \u00edntegra SD ] Sinopse:\u00a0&#8220;Nesta ter\u00e7a-feira (25), a Confer\u00eancia da fil\u00f3sofa e ativista norte-americana, Angela Davis, diretamente do sal\u00e3o nobre da Reitoria da Universidade Federal da Bahia. A palestra, intitulada \u201cAtravessando o tempo e construindo o futuro da luta contra o [&hellip;]<\/p>\n","protected":false},"author":2,"featured_media":0,"parent":1361,"menu_order":0,"comment_status":"closed","ping_status":"closed","template":"","meta":{"footnotes":""},"class_list":["post-1680","page","type-page","status-publish","hentry"],"_links":{"self":[{"href":"https:\/\/nyemba.unilab.edu.br\/index.php\/wp-json\/wp\/v2\/pages\/1680","targetHints":{"allow":["GET"]}}],"collection":[{"href":"https:\/\/nyemba.unilab.edu.br\/index.php\/wp-json\/wp\/v2\/pages"}],"about":[{"href":"https:\/\/nyemba.unilab.edu.br\/index.php\/wp-json\/wp\/v2\/types\/page"}],"author":[{"embeddable":true,"href":"https:\/\/nyemba.unilab.edu.br\/index.php\/wp-json\/wp\/v2\/users\/2"}],"replies":[{"embeddable":true,"href":"https:\/\/nyemba.unilab.edu.br\/index.php\/wp-json\/wp\/v2\/comments?post=1680"}],"version-history":[{"count":8,"href":"https:\/\/nyemba.unilab.edu.br\/index.php\/wp-json\/wp\/v2\/pages\/1680\/revisions"}],"predecessor-version":[{"id":2315,"href":"https:\/\/nyemba.unilab.edu.br\/index.php\/wp-json\/wp\/v2\/pages\/1680\/revisions\/2315"}],"up":[{"embeddable":true,"href":"https:\/\/nyemba.unilab.edu.br\/index.php\/wp-json\/wp\/v2\/pages\/1361"}],"wp:attachment":[{"href":"https:\/\/nyemba.unilab.edu.br\/index.php\/wp-json\/wp\/v2\/media?parent=1680"}],"curies":[{"name":"wp","href":"https:\/\/api.w.org\/{rel}","templated":true}]}}

<p class="title style-scope ytd-video-primary-info-renderer"><strong>Angela Davis na UFBA &#8211; Transmissão on line do evento na íntegra [ TV UFBA na íntegra SD ]</strong></p>
<p><iframe loading="lazy" title="TV UFBA na íntegra SD - Angela Davis na UFBA - Transmissão on line do evento na íntegra" width="500" height="281" src="https://www.youtube.com/embed/6CdrOqPE7Rs?feature=oembed" frameborder="0" allow="accelerometer; autoplay; clipboard-write; encrypted-media; gyroscope; picture-in-picture; web-share" referrerpolicy="strict-origin-when-cross-origin" allowfullscreen></iframe></p>
<p><strong>Sinopse: </strong>&#8220;Nesta terça-feira (25), a Conferência da filósofa e ativista norte-americana, Angela Davis, diretamente do salão nobre da Reitoria da Universidade Federal da Bahia. A palestra, intitulada “Atravessando o tempo e construindo o futuro da luta contra o racismo”, faz parte da programação Julho das Pretas, agenda unificada de ações do movimento de mulheres negras na Bahia e em diversos outros estados, em comemoração ao mês da Mulher Afro Latino Americana e Caribenha. Dentro da programação Julho das Pretas, o Núcleo de Estudos Interdisciplinares sobre a Mulher (NEIM/UFBA), a Universidade Federal do Recôncavo da Bahia (UFRB) e a organização feminista Odara &#8211; Instituto da Mulher Negra, firmaram uma parceria para que a comunidade universitária e fãs da ativista tivessem a oportunidade de ouvi-la na capital baiana. Angela Davis: Professora, filósofa, escritora e feminista, tem uma trajetória de contribuição política nos Estados Unidos marcada pela luta em defesa dos direitos civis das pessoas negras e das mulheres. É contra o encarceramento em massa do povo negro e defende um mundo sustentável. Nos anos de 1970 foi militante comunista, membro do grupo Panteras Negras e ganhou notoriedade ao ser ré de um dos mais controversos julgamentos criminais da história de seu país. Em janeiro deste ano, discursou na Marcha das Mulheres contra Donald Trump, em Washington, nos Estados Unidos. Texto TVE&#8221;</p>
<p>&nbsp;</p>
<p>&nbsp;</p>
<hr />
<p class="title style-scope ytd-video-primary-info-renderer"><strong>Chimamanda Adichie: O perigo da história única [Legendado]</strong></p>
<p><iframe loading="lazy" title="Chimamanda Adichie: O perigo da história única" width="500" height="281" src="https://www.youtube.com/embed/EC-bh1YARsc?feature=oembed" frameborder="0" allow="accelerometer; autoplay; clipboard-write; encrypted-media; gyroscope; picture-in-picture; web-share" referrerpolicy="strict-origin-when-cross-origin" allowfullscreen></iframe></p>
<p><strong>Sinopse: </strong>&#8220;Pegar toda a complexidade de uma pessoa e de seu contexto e reduzi-los a um só aspecto é o que Chimamanda chama de o perigo da história única. Como uma estudante nigeriana em uma universidade nos Estados Unidos, ela vivenciou com frequência isso. A imagem do continente africano como lugar de guerras e fome se refletiu na imagem que tinham dela. De sua colega de quarto, Chimamanda escutou questionamentos sobre sua capacidade de falar inglês ou de operar um fogão e dúvidas sobre a “música tribal” que ela escutava. “Nessa única história não havia possibilidade de os africanos serem iguais a ela, de jeito nenhum.  A história única também recaiu sobre seu trabalho literário, criticado por não ser “autenticamente africano” já que seus personagens dirigiam carros, não passavam fome e tinham coisas em comum com os americanos. Esta diferenciação entre o eu e o Outro, segundo a autora, é uma das graves consequências da história única. “Ela rouba das pessoas sua dignidade. Faz o reconhecimento de nossa humanidade compartilhada difícil. Enfatiza como nós somos diferentes, ao invés de como somos semelhantes.” Chimamanda também aponta a história única como fonte dos estereótipos: “mostre um povo como uma coisa, como somente uma coisa, repetidamente, e será o que eles se tornarão”. Para a escritora, “poder é a habilidade de não só contar a história de uma outra pessoa, mas de fazê-la a história definitiva daquela pessoa”. <span style="font-weight: inherit;">Chimamanda Adichie é uma das principais escritoras nigerianas da atualidade. É autora de poemas, contos e romances. Seu último livro, “Americanah”, foi apontado pelo jornal New York Times como um das dez melhores obras de 2013. Além da palestra “O perigo da história única”, Chimamanda também falou em evento livre do TED (</span><a style="font-weight: inherit;" href="http://tedxtalks.ted.com/video/We-should-all-be-feminists-Chim" target="_blank" rel="noopener">TEDx</a><span style="font-weight: inherit;">) sobre feminismo&#8221;.</span></p>
<p>&nbsp;</p>
<p>&nbsp;</p>
<hr />
<p class="title style-scope ytd-video-primary-info-renderer"><strong>Eu Empregada Doméstica | Preta Rara | TEDxSaoPaulo</strong></p>
<p><iframe loading="lazy" title="Eu Empregada Doméstica | Preta Rara | TEDxSaoPaulo" width="500" height="281" src="https://www.youtube.com/embed/_d_n-z3s8Lo?start=165&#038;feature=oembed" frameborder="0" allow="accelerometer; autoplay; clipboard-write; encrypted-media; gyroscope; picture-in-picture; web-share" referrerpolicy="strict-origin-when-cross-origin" allowfullscreen></iframe></p>
<p><strong>Sinopse:</strong> &#8220;Joyce, a Preta Rara, fala do que aprendeu com sua experiência de trabalho como empregada doméstica e com a página de Facebook que criou em julho de 2016. Preta Rara, ou Joyce Fernandes, é graduada em História e dá aulas de história. Também é rapper e ativista. Se tornou porta-voz das empregadas domésticas no Brasil depois de criar a página Eu Empregada Doméstica no Facebook. This talk was given at a TEDx event using the TED conference format but independently organized by a local community. Learn more at <a class="yt-simple-endpoint style-scope yt-formatted-string" spellcheck="false" href="https://www.youtube.com/redirect?q=http%3A%2F%2Fted.com%2Ftedx&amp;event=video_description&amp;v=_d_n-z3s8Lo&amp;redir_token=5TP3LYVapv8Ut9d45Z_0aSFuxdJ8MTUzMTMyNjMwMEAxNTMxMjM5OTAw">http://ted.com/tedx</a>&#8221;</p>
<p>&nbsp;</p>
<p>&nbsp;</p>
<p>&nbsp;</p>
<hr />
<p class="title style-scope ytd-video-primary-info-renderer"><strong>HOMENAGEM A MATILDE RIBEIRO NA COMEMORAÇÃO 10 ANOS DE SEPPIR</strong></p>
<p><iframe loading="lazy" title="HOMENAGEM A MATILDE RIBEIRO NA COMEMORAÇÃO 10 ANOS DE SEPPIR" width="500" height="375" src="https://www.youtube.com/embed/-0h-T4HMTNA?feature=oembed" frameborder="0" allow="accelerometer; autoplay; clipboard-write; encrypted-media; gyroscope; picture-in-picture; web-share" referrerpolicy="strict-origin-when-cross-origin" allowfullscreen></iframe></p>
<p><strong>Sinopse:</strong> &#8220;Em 21.03.2013 foi Comemorado os 10 anos da criação da Seppir &#8211; Secretaria de Promoção de Politicas de Igualdade Racial, Presidência da Republica. No evento vários representantes políticos foram homenageado, esta edição de vídeo mostra o trecho em que Matilde Ribeiro &#8211; Primeira Ministra da Seppir/PR (2003 &#8211; 2008) &#8211; atual Secretaria-Adjunta da Seppir /São Paulo, recebe a homenagem.&#8221;</p>
<p>&nbsp;</p>
<p>&nbsp;</p>
<hr />
<p class="title style-scope ytd-video-primary-info-renderer"><strong>Milton Santos fala sobre a condição do negro no Brasil</strong></p>
<p><iframe loading="lazy" title="Milton Santos fala sobre a condição do negro no Brasil" width="500" height="375" src="https://www.youtube.com/embed/bvEgzA6SACA?feature=oembed" frameborder="0" allow="accelerometer; autoplay; clipboard-write; encrypted-media; gyroscope; picture-in-picture; web-share" referrerpolicy="strict-origin-when-cross-origin" allowfullscreen></iframe></p>
<p><strong>Sinopse:</strong> TV &#8211; Boliva: &#8220;Conheça mais sobre Milton Santos &#8211; <a class="yt-simple-endpoint style-scope yt-formatted-string" href="https://www.youtube.com/redirect?event=video_description&amp;v=bvEgzA6SACA&amp;redir_token=3_HPa5ND93pT9AyfWvTWqs_j2fB8MTUxNjgwMzM5NkAxNTE2NzE2OTk2&amp;q=http%3A%2F%2Fwww.miltonsantos.com.br%2F">http://www.miltonsantos.com.br/</a>&#8221;</p>
<p>&nbsp;</p>
<p>&nbsp;</p>
<hr />
<p class="title style-scope ytd-video-primary-info-renderer"><strong>Ninja Ao Vivo! Lula m São Francisco do Conde (BA) e participa da colação de estudantes da UNILAB</strong></p>
<p>https://www.youtube.com/watch?v=0Fir-FsbPA8</p>
<p>&nbsp;</p>
<p>&nbsp;</p>
<p>&nbsp;</p>
<hr />
<p>&nbsp;</p>

<p>Angela Davis na UFBA &#8211; Transmissão on line do evento na íntegra [ TV UFBA na íntegra SD ] Sinopse: &#8220;Nesta terça-feira (25), a Conferência da filósofa e ativista norte-americana, Angela Davis, diretamente do salão nobre da Reitoria da Universidade Federal da Bahia. A palestra, intitulada “Atravessando o tempo e construindo o futuro da luta contra o [&hellip;]</p>
