{"id":1838,"date":"2018-02-25T13:29:10","date_gmt":"2018-02-25T16:29:10","guid":{"rendered":"http:\/\/nyemba.unilab.edu.br\/?page_id=1838"},"modified":"2018-05-24T16:45:20","modified_gmt":"2018-05-24T19:45:20","slug":"acervo-nyemba","status":"publish","type":"page","link":"https:\/\/nyemba.unilab.edu.br\/index.php\/bibliografia-nyemba-indicacoes-de-textos-e-audiovisuais\/acervo-nyemba\/","title":{"rendered":"ACERVO NYEMBA"},"content":{"rendered":"<h2 style=\"text-align: center;\"><strong><span style=\"color: #800000;\">Lista de Livros e Materiais<\/span>\u00a0<\/strong><\/h2>\n<h4 style=\"text-align: center;\">Adquiridos<strong>\u00a0e doados para o grupo de pesquisa Nyemba*<\/strong><\/h4>\n<p>&nbsp;<\/p>\n<hr \/>\n<h4><\/h4>\n<p style=\"text-align: left;\"><strong>*<\/strong>Para ter acesso a estes exemplares entre em contato com as coordenadoras do Nyemba.<\/p>\n<p>&nbsp;<\/p>\n<hr \/>\n<h4><\/h4>\n<p style=\"text-align: left;\">Lista Pdf. &#8211; Vers\u00e3o Fevereiro\/2018.\u00a0 \u00a0<span style=\"color: #3366ff;\"><a style=\"color: #3366ff;\" href=\"https:\/\/nyemba.unilab.edu.br\/wp-content\/uploads\/2018\/03\/Acervo-de-Livros-Nyemba-2018-1-corrigido.pdf\" target=\"_blank\" rel=\"noopener\">Clique Aqui.<\/a><\/span><\/p>\n<p>&nbsp;<\/p>\n<hr \/>\n<h4 style=\"text-align: right;\"><\/h4>\n<h6><\/h6>\n<h6 style=\"text-align: right;\"><strong><em>*Obs.: P\u00e1gina em constru\u00e7\u00e3o<\/em><\/strong><\/h6>\n","protected":false},"excerpt":{"rendered":"<p>Lista de Livros e Materiais\u00a0 Adquiridos\u00a0e doados para o grupo de pesquisa Nyemba* &nbsp; *Para ter acesso a estes exemplares entre em contato com as coordenadoras do Nyemba. &nbsp; Lista Pdf. &#8211; Vers\u00e3o Fevereiro\/2018.\u00a0 \u00a0Clique Aqui. &nbsp; *Obs.: P\u00e1gina em constru\u00e7\u00e3o<\/p>\n","protected":false},"author":2,"featured_media":0,"parent":554,"menu_order":0,"comment_status":"closed","ping_status":"closed","template":"","meta":{"footnotes":""},"class_list":["post-1838","page","type-page","status-publish","hentry"],"_links":{"self":[{"href":"https:\/\/nyemba.unilab.edu.br\/index.php\/wp-json\/wp\/v2\/pages\/1838","targetHints":{"allow":["GET"]}}],"collection":[{"href":"https:\/\/nyemba.unilab.edu.br\/index.php\/wp-json\/wp\/v2\/pages"}],"about":[{"href":"https:\/\/nyemba.unilab.edu.br\/index.php\/wp-json\/wp\/v2\/types\/page"}],"author":[{"embeddable":true,"href":"https:\/\/nyemba.unilab.edu.br\/index.php\/wp-json\/wp\/v2\/users\/2"}],"replies":[{"embeddable":true,"href":"https:\/\/nyemba.unilab.edu.br\/index.php\/wp-json\/wp\/v2\/comments?post=1838"}],"version-history":[{"count":11,"href":"https:\/\/nyemba.unilab.edu.br\/index.php\/wp-json\/wp\/v2\/pages\/1838\/revisions"}],"predecessor-version":[{"id":2279,"href":"https:\/\/nyemba.unilab.edu.br\/index.php\/wp-json\/wp\/v2\/pages\/1838\/revisions\/2279"}],"up":[{"embeddable":true,"href":"https:\/\/nyemba.unilab.edu.br\/index.php\/wp-json\/wp\/v2\/pages\/554"}],"wp:attachment":[{"href":"https:\/\/nyemba.unilab.edu.br\/index.php\/wp-json\/wp\/v2\/media?parent=1838"}],"curies":[{"name":"wp","href":"https:\/\/api.w.org\/{rel}","templated":true}]}}