{"id":2197,"date":"2018-05-04T20:42:39","date_gmt":"2018-05-04T23:42:39","guid":{"rendered":"http:\/\/nyemba.unilab.edu.br\/?page_id=2197"},"modified":"2018-05-10T14:14:30","modified_gmt":"2018-05-10T17:14:30","slug":"seminarios-de-mobilizacao","status":"publish","type":"page","link":"https:\/\/nyemba.unilab.edu.br\/index.php\/extensao\/biblioteca-nautica-na-baia-de-todos-os-santos\/seminarios-de-mobilizacao\/","title":{"rendered":"Semin\u00e1rios de Mobiliza\u00e7\u00e3o"},"content":{"rendered":"<p><a href=\"https:\/\/nyemba.unilab.edu.br\/wp-content\/uploads\/2018\/05\/Seminario-Maragogipe-Programa\u00e7\u00e3o-.jpg\"><img loading=\"lazy\" decoding=\"async\" class=\"aligncenter wp-image-2196 \" src=\"https:\/\/nyemba.unilab.edu.br\/wp-content\/uploads\/2018\/05\/Seminario-Maragogipe-Programa\u00e7\u00e3o-.jpg\" alt=\"\" width=\"729\" height=\"1032\" srcset=\"https:\/\/nyemba.unilab.edu.br\/wp-content\/uploads\/2018\/05\/Seminario-Maragogipe-Programa\u00e7\u00e3o-.jpg 678w, https:\/\/nyemba.unilab.edu.br\/wp-content\/uploads\/2018\/05\/Seminario-Maragogipe-Programa\u00e7\u00e3o--212x300.jpg 212w\" sizes=\"auto, (max-width: 729px) 100vw, 729px\" \/><\/a><\/p>\n<p>&nbsp;<\/p>\n<p><a href=\"https:\/\/nyemba.unilab.edu.br\/wp-content\/uploads\/2018\/05\/progrma-Semin\u00e1rio-completa-1-2.jpg\"><img loading=\"lazy\" decoding=\"async\" class=\"aligncenter wp-image-2195 size-large\" src=\"https:\/\/nyemba.unilab.edu.br\/wp-content\/uploads\/2018\/05\/progrma-Semin\u00e1rio-completa-1-2-724x1024.jpg\" alt=\"\" width=\"724\" height=\"1024\" srcset=\"https:\/\/nyemba.unilab.edu.br\/wp-content\/uploads\/2018\/05\/progrma-Semin\u00e1rio-completa-1-2-724x1024.jpg 724w, https:\/\/nyemba.unilab.edu.br\/wp-content\/uploads\/2018\/05\/progrma-Semin\u00e1rio-completa-1-2-212x300.jpg 212w, https:\/\/nyemba.unilab.edu.br\/wp-content\/uploads\/2018\/05\/progrma-Semin\u00e1rio-completa-1-2-768x1086.jpg 768w\" sizes=\"auto, (max-width: 724px) 100vw, 724px\" \/><\/a><\/p>\n<p>&nbsp;<\/p>\n<p>&nbsp;<\/p>\n<hr \/>\n<p>&nbsp;<\/p>\n<p>&nbsp;<\/p>\n<p><a href=\"https:\/\/nyemba.unilab.edu.br\/wp-content\/uploads\/2018\/05\/progrma-Semin\u00e1rio-completa-1-1.jpg\"><img loading=\"lazy\" decoding=\"async\" class=\"aligncenter wp-image-2194 size-large\" src=\"https:\/\/nyemba.unilab.edu.br\/wp-content\/uploads\/2018\/05\/progrma-Semin\u00e1rio-completa-1-1-724x1024.jpg\" alt=\"\" width=\"724\" height=\"1024\" srcset=\"https:\/\/nyemba.unilab.edu.br\/wp-content\/uploads\/2018\/05\/progrma-Semin\u00e1rio-completa-1-1-724x1024.jpg 724w, https:\/\/nyemba.unilab.edu.br\/wp-content\/uploads\/2018\/05\/progrma-Semin\u00e1rio-completa-1-1-212x300.jpg 212w, https:\/\/nyemba.unilab.edu.br\/wp-content\/uploads\/2018\/05\/progrma-Semin\u00e1rio-completa-1-1-768x1086.jpg 768w\" sizes=\"auto, (max-width: 724px) 100vw, 724px\" \/><\/a><\/p>\n<p>&nbsp;<\/p>\n<p><a href=\"https:\/\/nyemba.unilab.edu.br\/wp-content\/uploads\/2018\/05\/Semin\u00e1rio-Maragogipe-programa\u00e7\u00e3o.jpg\"><img loading=\"lazy\" decoding=\"async\" class=\"aligncenter wp-image-2193 \" src=\"https:\/\/nyemba.unilab.edu.br\/wp-content\/uploads\/2018\/05\/Semin\u00e1rio-Maragogipe-programa\u00e7\u00e3o.jpg\" alt=\"\" width=\"722\" height=\"1023\" srcset=\"https:\/\/nyemba.unilab.edu.br\/wp-content\/uploads\/2018\/05\/Semin\u00e1rio-Maragogipe-programa\u00e7\u00e3o.jpg 678w, https:\/\/nyemba.unilab.edu.br\/wp-content\/uploads\/2018\/05\/Semin\u00e1rio-Maragogipe-programa\u00e7\u00e3o-212x300.jpg 212w\" sizes=\"auto, (max-width: 722px) 100vw, 722px\" \/><\/a><\/p>\n<p>&nbsp;<\/p>\n<hr \/>\n<p>&nbsp;<\/p>\n","protected":false},"excerpt":{"rendered":"<p>&nbsp; &nbsp; &nbsp; &nbsp; &nbsp; &nbsp; &nbsp; &nbsp;<\/p>\n","protected":false},"author":2,"featured_media":0,"parent":82,"menu_order":0,"comment_status":"closed","ping_status":"closed","template":"","meta":{"footnotes":""},"class_list":["post-2197","page","type-page","status-publish","hentry"],"_links":{"self":[{"href":"https:\/\/nyemba.unilab.edu.br\/index.php\/wp-json\/wp\/v2\/pages\/2197","targetHints":{"allow":["GET"]}}],"collection":[{"href":"https:\/\/nyemba.unilab.edu.br\/index.php\/wp-json\/wp\/v2\/pages"}],"about":[{"href":"https:\/\/nyemba.unilab.edu.br\/index.php\/wp-json\/wp\/v2\/types\/page"}],"author":[{"embeddable":true,"href":"https:\/\/nyemba.unilab.edu.br\/index.php\/wp-json\/wp\/v2\/users\/2"}],"replies":[{"embeddable":true,"href":"https:\/\/nyemba.unilab.edu.br\/index.php\/wp-json\/wp\/v2\/comments?post=2197"}],"version-history":[{"count":1,"href":"https:\/\/nyemba.unilab.edu.br\/index.php\/wp-json\/wp\/v2\/pages\/2197\/revisions"}],"predecessor-version":[{"id":2199,"href":"https:\/\/nyemba.unilab.edu.br\/index.php\/wp-json\/wp\/v2\/pages\/2197\/revisions\/2199"}],"up":[{"embeddable":true,"href":"https:\/\/nyemba.unilab.edu.br\/index.php\/wp-json\/wp\/v2\/pages\/82"}],"wp:attachment":[{"href":"https:\/\/nyemba.unilab.edu.br\/index.php\/wp-json\/wp\/v2\/media?parent=2197"}],"curies":[{"name":"wp","href":"https:\/\/api.w.org\/{rel}","templated":true}]}}