{"id":967,"date":"2017-09-19T15:37:31","date_gmt":"2017-09-19T18:37:31","guid":{"rendered":"http:\/\/nyemba.unilab.edu.br\/?page_id=967"},"modified":"2021-02-06T20:30:50","modified_gmt":"2021-02-06T23:30:50","slug":"mapeamento-conservacao-e-difusao-dos-acervos-documentais-e-orais-dos-municipios-do-reconcavo-baiano-estudos-nos-municipios-de-candeias-sao-francisco-do-conde-e-maragogipe","status":"publish","type":"page","link":"https:\/\/nyemba.unilab.edu.br\/index.php\/pesquisas\/mapeamento-conservacao-e-difusao-dos-acervos-documentais-e-orais-dos-municipios-do-reconcavo-baiano-estudos-nos-municipios-de-candeias-sao-francisco-do-conde-e-maragogipe\/","title":{"rendered":"Mapeamento"},"content":{"rendered":"<h3 style=\"text-align: center;\"><strong><span style=\"color: #800000;\">Mapeamento, conserva\u00e7\u00e3o e difus\u00e3o dos acervos documentais e orais dos munic\u00edpios do Rec\u00f4ncavo Baiano &#8211; estudos nos munic\u00edpios de Candeias, S\u00e3o Francisco do Conde e Maragogipe<\/span><\/strong><\/h3>\n<hr \/>\n<h4 style=\"text-align: center;\"><strong><span style=\"color: #800000;\">Coordena\u00e7\u00e3o<\/span><\/strong><\/h4>\n<p style=\"text-align: center;\"><a href=\"http:\/\/lattes.cnpq.br\/8814476853305554\" target=\"_blank\" rel=\"noopener\"><strong>Prof\u00aa Dra. Cristiane Santos Souza\u00a0 [UNILAB]<\/strong><\/a><\/p>\n<hr \/>\n<h4 style=\"text-align: left;\"><span style=\"color: #800000;\"><strong>Sobre o projeto<\/strong><\/span><\/h4>\n<p style=\"text-align: left;\">A riqueza de diferentes e in\u00fameros acervos existentes em muitas institui\u00e7\u00f5es p\u00fablicas e privadas, nas igrejas, nas santas casas e entre particulares \u00e9 imensa, realidade identificada por pesquisadores que tiveram a oportunidade de trabalhar em algum deles. Atrav\u00e9s de observa\u00e7\u00e3o e depoimentos de alguns agentes p\u00fablicos registramos o abandono e a degrada\u00e7\u00e3o de muitos destes materiais, testemunhas documentais e imag\u00e9ticas das hist\u00f3rias de diferentes agentes sociais desta regi\u00e3o e do Brasil. Tendo em vista esta realidade e a necessidade de produzir outras narrativas sobre a hist\u00f3ria da regi\u00e3o e do Brasil e de possibilitar o acesso deste material a diferentes pesquisadores, aos professores e estudantes das escolas p\u00fablicas, bem como aos gestores p\u00fablicos, que esta proposta de pesquisa se estrutura. O projeto Mapeamento, conserva\u00e7\u00e3o e difus\u00e3o dos acervos documentais e orais dos municipais do Rec\u00f4ncavo Baiano estudo preliminar dos munic\u00edpios de Candeias, S\u00e3o Francisco do Conde e Maragogipe faz parte de um conjunto de a\u00e7\u00f5es que organizam no grupo de pesquisa sobre Processos Sociais, Mem\u00f3rias e Narrativas Brasil\/\u00c1frica. Nele prop\u00f5e-se, assim, registrar e difundir as mem\u00f3rias que configuram a hist\u00f3ria do Rec\u00f4ncavo Baiano a partir do resgate\u00a0e restauro de acervos, arquivos documentais e orais, produ\u00e7\u00f5es gr\u00e1ficas e audiovisuais do territ\u00f3rio e, posteriormente, da mesma forma, a produ\u00e7\u00e3o de material e outros instrumentos did\u00e1ticos que possam contribuir para os processos de forma\u00e7\u00e3o nas escolas dos munic\u00edpios da regi\u00e3o e na forma\u00e7\u00e3o dos gestores p\u00fablicos, especialmente aqueles que trabalham nas \u00e1reas de cultura e patrim\u00f4nio.<\/p>\n<p style=\"text-align: center;\">Palavras-Chave: Mapeamento; Documento; Acervo<\/p>\n<hr \/>\n<h3><\/h3>\n<h4 style=\"text-align: left;\"><span style=\"color: #800000;\"><strong>Bolsistas<\/strong><\/span><\/h4>\n<p style=\"text-align: left;\"><strong>Conhe\u00e7a mais sobre as bolsistas.<\/strong> <a href=\"https:\/\/nyemba.unilab.edu.br\/index.php\/bolsistas\/\" target=\"_blank\" rel=\"noopener\"><span style=\"color: #3366ff;\">Clique aqui.<\/span><\/a><\/p>\n<p><a href=\"https:\/\/nyemba.unilab.edu.br\/wp-content\/uploads\/2018\/03\/12017683_995748390515713_2165130583952055415_o.jpg\"><img loading=\"lazy\" decoding=\"async\" class=\"alignleft\" title=\"CV: http:\/\/lattes.cnpq.br\/7243391841866095\" src=\"https:\/\/nyemba.unilab.edu.br\/wp-content\/uploads\/2018\/03\/12017683_995748390515713_2165130583952055415_o-300x300.jpg\" alt=\"Discente no curso de Licenciatura em Ci\u00eancias Sociais. Graduada em Bacharelado Interdisciplinar em Humanidades, pelo Instituto de Humanidades e Letras - IHL na Universidade de Integra\u00e7\u00e3o Internacional da Lusofonia Afro-Brasileira - UNILAB, Campus dos Mal\u00eas, S\u00e3o Francisco do Conde - BA. \u00c9 bolsista do Programa de Inicia\u00e7\u00e3o Cientifica da mesma universidade, no projeto:Mapeamento, conserva\u00e7\u00e3o e difus\u00e3o dos acervos documentais e orais dos municipais do Rec\u00f4ncavo Baiano estudo nos munic\u00edpios de Candeias, S\u00e3o Possui gradua\u00e7\u00e3o em Filosofia pela Universidade Estadual do Oeste do Paran\u00e1 (2004), mestrado em Filosofia pela Universidade Federal de Santa Catarina (2008) e doutorado em Filosofia pela Universidade Federal de Santa Catarina (2012). Atualmente \u00e9 professora adjunta da UNILAB - Universidade da Integra\u00e7\u00e3o Internacional da Lusofonia Afro-Brasileira - campus dos Mal\u00eas - S\u00e3o Francisco do Conde - BA. Atua nas \u00e1reas de Est\u00e9tica e filosofia da arte. Coordenou o projeto de Extens\u00e3o &quot;In-\u00fateis - Pausas Po\u00e9ticas&quot; e o projeto de pesquisa e inicia\u00e7\u00e3o cientifica &quot;Gestualidade e expressividade afro-brasi- leira: ancestralidade e m\u00edmeses&quot;. Atualmente coordena O projeto de a\u00e7\u00e3o extens\u00e3o &quot;Corpo encruzilhada - Tradi\u00e7\u00f5es do Rec\u00f4ncavo Baiano&quot; e o projeto de pesquisa e inicia\u00e7\u00e3o cient\u00edfica: Como pode expressar-se um corpo - interlocu\u00e7\u00f5es entre filosofia e dan\u00e7a. Mestranda em dan\u00e7a e especialista em estudos contempor\u00e2neos em dan\u00e7a pela Universidade Federal a Bahia. Graduada em Bacharelado em servi\u00e7o social pela Universidad Nacional de C\u00f3rdoba Argentina. Licenciada em Ci\u00eancias sociais pelo Instituto Educativo Carlos Maria Carena. Instrutora de dan\u00e7as folcl\u00f3ricas Argentinas pelo Instituto de Educacion Fisica C\u00f3rdoba. Possui experiencia em doc\u00eancia, produ\u00e7\u00e3o, e gest\u00e3o de projetos culturais e educativos. \u00c9 membra da linha de pesquisa &quot;Cartografias sens\u00edveis: corpos, CV:http:\/\/lattes.cnpq.br\/8142672108249721 CV: http:\/\/lattes.cnpq.br\/6207793247993466 Isabela Carolina Santos Atualmente cursa o curso de Bacharelado em Humanidades na Universidade da Integra\u00e7\u00e3o da Lusofonia Afro-Brasileira, Campus dos Mal\u00eas S\u00e3o Francisco do Conde. Trabalhou como professora volunt\u00e1ria no Laborat\u00f3rio de Sensibilidade Cia Teatro das apari\u00e7\u00f5es no per\u00edodo entre 2015 a 2016 em Acupe Santo Amaro, atuou no grupo de teatro f\u00edsico; Teatro das apari\u00e7\u00f5es onde desenvolvo trabalho de pesquisa e consci\u00eancia corporal em Acupe. Foi bolsista do projeto de a\u00e7\u00e3o e extens\u00e3o &quot;Corpo encruzilhada: tradi\u00e7\u00f5es do Rec\u00f4ncavo Baiano&quot; Francisco do Conde e Maragogipe;Foi bolsista dos projetos: &quot;Como pode expressar-se um corpo? Interlocu\u00e7\u00f5es entre Dan\u00e7a e Filosofia&quot; e &quot;Gestualidade e expressividade afro-brasileira: ancestralidade e mim\u00e9sis&quot;. Atuou como colaboradora interna no Projeto de Extens\u00e3o: &quot;In-\u00fateis Pausas Po\u00e9ticas&quot; e do projeto de a\u00e7\u00e3o extens\u00e3o intitulado: &quot;Corpo Encruzilhada - Tradi\u00e7\u00f5es do Rec\u00f4ncavo Baiano&quot;.\" width=\"183\" height=\"183\" \/><\/a><\/p>\n<p style=\"text-align: left;\"><strong>Beatriz Borges Bastos<\/strong><\/p>\n<div id=\"attachment_2028\" style=\"width: 193px\" class=\"wp-caption alignleft\"><a href=\"https:\/\/nyemba.unilab.edu.br\/wp-content\/uploads\/2018\/03\/WhatsApp-Image-2017-12-04-at-16.59.51-3.jpeg\"><img loading=\"lazy\" decoding=\"async\" aria-describedby=\"caption-attachment-2028\" class=\"wp-image-2028 \" title=\"CV: http:\/\/lattes.cnpq.br\/5987506299108021\" src=\"https:\/\/nyemba.unilab.edu.br\/wp-content\/uploads\/2018\/03\/WhatsApp-Image-2017-12-04-at-16.59.51-3-270x300.jpeg\" alt=\"Cursando Rela\u00e7\u00f5es Internacionais, formada em Bacharelado em Humanidades na Universidade da Integra\u00e7\u00e3o Internacional da Lusofonia Afro-Brasileira, Volunt\u00e1ria PIBIC no Projeto de Pesquisa &quot;Mapeamento, conserva\u00e7\u00e3o e difus\u00e3o dos acervos documentais e orais dos munic\u00edpios do Rec\u00f4ncavo Baiano.&quot; Concluiu o ensino m\u00e9dio no Instituto Federal da Bahia campus Valen\u00e7a na modalidade integrada com o curso t\u00e9cnico em Turismo. Participou da Olimp\u00edada Nacional de Hist\u00f3ria do Brasil no ano de 2014, fase presencial na Unicamp. Fez curso de ingl\u00eas pela Escola de idiomas Skill, n\u00edvel intermedi\u00e1rio, e n\u00edvel avan\u00e7ado no mesmo curso pela escola EnglishTown. Dedica\u00e7\u00e3o, compromisso, responsabilidade e pontualidade s\u00e3o algumas das suas qualidades\" width=\"183\" height=\"204\" srcset=\"https:\/\/nyemba.unilab.edu.br\/wp-content\/uploads\/2018\/03\/WhatsApp-Image-2017-12-04-at-16.59.51-3-270x300.jpeg 270w, https:\/\/nyemba.unilab.edu.br\/wp-content\/uploads\/2018\/03\/WhatsApp-Image-2017-12-04-at-16.59.51-3.jpeg 663w\" sizes=\"auto, (max-width: 183px) 100vw, 183px\" \/><\/a><p id=\"caption-attachment-2028\" class=\"wp-caption-text\"><strong>Alana Santos Souza<\/strong><\/dd>\n<p><\/p>\n<dd><\/p><\/div>\n<hr \/>\n<h4><\/h4>\n<h4><\/h4>\n<h4><\/h4>\n<h4><\/h4>\n<h4><\/h4>\n<h4 style=\"text-align: left;\"><strong><span style=\"color: #800000;\">Exposi\u00e7\u00e3o<\/span><\/strong><\/h4>\n<p style=\"text-align: left;\">A UNILAB por meio do Grupo de estudos NYEMBA, em parceria com a Funda\u00e7\u00e3o Pedro Calmon por meio do Centro de Memorias da Bahia, apresenta a exposi\u00e7\u00e3o <strong>&#8220;Navio Negreiro &#8211; Castro Alves e Hansen Bahia&#8221;<\/strong> que estar\u00e1 exposta na UNILAB &#8211; Campus dos Mal\u00eas do dia 21\/11\/2017 \u00e1 25\/11\/2017.<br \/>\nEm decorr\u00eancia da exposi\u00e7\u00e3o, ser\u00e1 oferecido tamb\u00e9m uma Oficina de Xilogravura com Zimaldo Baptista, que acontecer\u00e1 nos dias 22 de Novembro (manh\u00e3 e tarde) e 23 de Novembro (manh\u00e3) no Campus dos Mal\u00eas.<\/p>\n<p style=\"text-align: left;\">A exposi\u00e7\u00e3o ser\u00e1 do Poema de Castro Alves &#8220;Navio Negreiro&#8221; e as obras em Xilogravura que Hansen Bahia criou por meio do poema.<\/p>\n<p><a href=\"https:\/\/nyemba.unilab.edu.br\/wp-content\/uploads\/2017\/11\/2017-11-20-PHOTO-00000323-2.jpg\"><img loading=\"lazy\" decoding=\"async\" class=\"aligncenter wp-image-1445 \" src=\"https:\/\/nyemba.unilab.edu.br\/wp-content\/uploads\/2017\/11\/2017-11-20-PHOTO-00000323-2-787x1024.jpg\" alt=\"\" width=\"588\" height=\"765\" srcset=\"https:\/\/nyemba.unilab.edu.br\/wp-content\/uploads\/2017\/11\/2017-11-20-PHOTO-00000323-2-787x1024.jpg 787w, https:\/\/nyemba.unilab.edu.br\/wp-content\/uploads\/2017\/11\/2017-11-20-PHOTO-00000323-2-231x300.jpg 231w, https:\/\/nyemba.unilab.edu.br\/wp-content\/uploads\/2017\/11\/2017-11-20-PHOTO-00000323-2-768x999.jpg 768w, https:\/\/nyemba.unilab.edu.br\/wp-content\/uploads\/2017\/11\/2017-11-20-PHOTO-00000323-2.jpg 984w\" sizes=\"auto, (max-width: 588px) 100vw, 588px\" \/><\/a><\/p>\n<p style=\"text-align: center;\"><strong>As inscri\u00e7\u00f5es ser\u00e3o feitas no ato da Oficina.<\/strong><\/p>\n<p style=\"text-align: center;\"><strong>Aguardamos todxs!<\/strong><\/p>\n<hr \/>\n","protected":false},"excerpt":{"rendered":"<p>Mapeamento, conserva\u00e7\u00e3o e difus\u00e3o dos acervos documentais e orais dos munic\u00edpios do Rec\u00f4ncavo Baiano &#8211; estudos nos munic\u00edpios de Candeias, S\u00e3o Francisco do Conde e Maragogipe Coordena\u00e7\u00e3o Prof\u00aa Dra. Cristiane Santos Souza\u00a0 [UNILAB] Sobre o projeto A riqueza de diferentes e in\u00fameros acervos existentes em muitas institui\u00e7\u00f5es p\u00fablicas e privadas, nas igrejas, nas santas casas [&hellip;]<\/p>\n","protected":false},"author":2,"featured_media":0,"parent":43,"menu_order":0,"comment_status":"closed","ping_status":"closed","template":"","meta":{"footnotes":""},"class_list":["post-967","page","type-page","status-publish","hentry"],"_links":{"self":[{"href":"https:\/\/nyemba.unilab.edu.br\/index.php\/wp-json\/wp\/v2\/pages\/967","targetHints":{"allow":["GET"]}}],"collection":[{"href":"https:\/\/nyemba.unilab.edu.br\/index.php\/wp-json\/wp\/v2\/pages"}],"about":[{"href":"https:\/\/nyemba.unilab.edu.br\/index.php\/wp-json\/wp\/v2\/types\/page"}],"author":[{"embeddable":true,"href":"https:\/\/nyemba.unilab.edu.br\/index.php\/wp-json\/wp\/v2\/users\/2"}],"replies":[{"embeddable":true,"href":"https:\/\/nyemba.unilab.edu.br\/index.php\/wp-json\/wp\/v2\/comments?post=967"}],"version-history":[{"count":34,"href":"https:\/\/nyemba.unilab.edu.br\/index.php\/wp-json\/wp\/v2\/pages\/967\/revisions"}],"predecessor-version":[{"id":2858,"href":"https:\/\/nyemba.unilab.edu.br\/index.php\/wp-json\/wp\/v2\/pages\/967\/revisions\/2858"}],"up":[{"embeddable":true,"href":"https:\/\/nyemba.unilab.edu.br\/index.php\/wp-json\/wp\/v2\/pages\/43"}],"wp:attachment":[{"href":"https:\/\/nyemba.unilab.edu.br\/index.php\/wp-json\/wp\/v2\/media?parent=967"}],"curies":[{"name":"wp","href":"https:\/\/api.w.org\/{rel}","templated":true}]}}